Last updated on 2017-07-31 01:47:27.
Flavor | Version | Tinstall | Tcheck | Ttotal | Status | Flags |
---|---|---|---|---|---|---|
r-devel-linux-x86_64-debian-clang | 1.1.1 | 4.10 | 70.63 | 74.73 | NOTE | |
r-devel-linux-x86_64-debian-gcc | 1.1.1 | 4.28 | 61.36 | 65.63 | NOTE | |
r-devel-linux-x86_64-fedora-clang | 1.1.1 | 145.89 | NOTE | |||
r-devel-linux-x86_64-fedora-gcc | 1.1.1 | 147.83 | NOTE | |||
r-devel-windows-ix86+x86_64 | 1.1.1 | 16.00 | 154.00 | 170.00 | NOTE | |
r-patched-linux-x86_64 | 1.1.1 | 4.28 | 68.23 | 72.51 | NOTE | |
r-patched-solaris-x86 | 1.1.1 | 200.90 | NOTE | |||
r-release-linux-x86_64 | 1.1.1 | 3.98 | 68.11 | 72.09 | NOTE | |
r-release-windows-ix86+x86_64 | 1.1.1 | 11.00 | 142.00 | 153.00 | NOTE | |
r-release-osx-x86_64 | 1.1.1 | NOTE | ||||
r-oldrel-windows-ix86+x86_64 | 1.1.1 | 11.00 | 103.00 | 114.00 | NOTE | |
r-oldrel-osx-x86_64 | 1.1.1 | NOTE |
Version: 1.1.1
Check: R code for possible problems
Result: NOTE
PlotHypTree: no visible global function definition for ‘browseURL’
treePValues: no visible global function definition for ‘lm’
treePValues: no visible global function definition for ‘pf’
plot,GBH-ANY: no visible binding for global variable ‘sorted.hyp’
plot,GBH-ANY: no visible binding for global variable ‘pval’
plot,GBH-ANY: no visible binding for global variable ‘group’
plot,GBH-ANY: no visible binding for global variable ‘type’
Undefined global functions or variables:
browseURL group lm pf pval sorted.hyp type
Consider adding
importFrom("stats", "lm", "pf")
importFrom("utils", "browseURL")
to your NAMESPACE file.
Flavors: r-devel-linux-x86_64-debian-clang, r-devel-linux-x86_64-debian-gcc, r-devel-linux-x86_64-fedora-clang, r-devel-linux-x86_64-fedora-gcc, r-devel-windows-ix86+x86_64, r-patched-linux-x86_64, r-patched-solaris-x86, r-release-linux-x86_64, r-release-windows-ix86+x86_64, r-release-osx-x86_64, r-oldrel-windows-ix86+x86_64, r-oldrel-osx-x86_64
Version: 1.1.1
Check: package dependencies
Result: NOTE
Package suggested but not available for checking: ‘phyloseq’
Flavor: r-release-osx-x86_64
Version: 1.1.1
Check: data for non-ASCII characters
Result: NOTE
Error in .requirePackage(package) :
unable to find required package 'phyloseq'
Calls: <Anonymous> ... .extendsForS3 -> extends -> getClassDef -> .requirePackage
Execution halted
Flavor: r-release-osx-x86_64