CRAN Package Check Results for Package surrosurv

Last updated on 2017-07-31 01:47:28.

Flavor Version Tinstall Tcheck Ttotal Status Flags
r-devel-linux-x86_64-debian-clang 1.1.15 5.05 71.87 76.92 OK
r-devel-linux-x86_64-debian-gcc 1.1.15 4.81 63.07 67.88 OK
r-devel-linux-x86_64-fedora-clang 1.1.15 153.60 OK
r-devel-linux-x86_64-fedora-gcc 1.1.15 155.63 OK
r-devel-windows-ix86+x86_64 1.1.15 20.00 177.00 197.00 OK
r-patched-linux-x86_64 1.1.15 5.44 72.12 77.56 OK
r-patched-solaris-x86 1.1.15 200.20 OK
r-release-linux-x86_64 1.1.15 4.98 71.43 76.42 OK
r-release-windows-ix86+x86_64 1.1.15 14.00 160.00 174.00 OK
r-release-osx-x86_64 1.1.15 WARN
r-oldrel-windows-ix86+x86_64 1.1.15 14.00 116.00 130.00 OK
r-oldrel-osx-x86_64 1.1.15 OK

Check Details

Version: 1.1.15
Check: re-building of vignette outputs
Result: WARN
    Error in re-building vignettes:
     ...
    Error in texi2dvi(file = file, pdf = TRUE, clean = clean, quiet = quiet, :
     Running 'texi2dvi' on 'copulas.tex' failed.
    LaTeX errors:
    ! LaTeX Error: File `fullpage.sty' not found.
    
    Type X to quit or <RETURN> to proceed,
    or enter new name. (Default extension: sty)
    
    ! Emergency stop.
    <read *>
    
    l.3 \usepackage
     {amsmath, natbib, hyperref, doi}^^M
    ! ==> Fatal error occurred, no output PDF file produced!
    Calls: buildVignettes -> texi2pdf -> texi2dvi
    Execution halted
Flavor: r-release-osx-x86_64