Last updated on 2017-07-31 01:47:28.
Flavor | Version | Tinstall | Tcheck | Ttotal | Status | Flags |
---|---|---|---|---|---|---|
r-devel-linux-x86_64-debian-clang | 2.41-3 | 25.54 | 268.53 | 294.06 | OK | |
r-devel-linux-x86_64-debian-gcc | 2.41-3 | 24.87 | 211.25 | 236.12 | OK | |
r-devel-linux-x86_64-fedora-clang | 2.41-3 | 529.70 | NOTE | |||
r-devel-linux-x86_64-fedora-gcc | 2.41-3 | 549.40 | NOTE | |||
r-devel-windows-ix86+x86_64 | 2.41-3 | 108.00 | 716.00 | 824.00 | NOTE | |
r-patched-linux-x86_64 | 2.41-3 | 24.34 | 263.53 | 287.87 | OK | |
r-patched-solaris-x86 | 2.41-3 | NOTE | ||||
r-release-linux-x86_64 | 2.41-3 | 24.12 | 261.73 | 285.85 | OK | |
r-release-windows-ix86+x86_64 | 2.41-3 | 82.00 | 698.00 | 780.00 | NOTE | |
r-release-osx-x86_64 | 2.41-3 | NOTE | ||||
r-oldrel-windows-ix86+x86_64 | 2.41-3 | 103.00 | 480.00 | 583.00 | NOTE | |
r-oldrel-osx-x86_64 | 2.41-3 | NOTE |
Version: 2.41-3
Check: installed package size
Result: NOTE
installed size is 6.3Mb
sub-directories of 1Mb or more:
data 1.9Mb
doc 2.6Mb
Flavors: r-devel-linux-x86_64-fedora-clang, r-devel-linux-x86_64-fedora-gcc, r-devel-windows-ix86+x86_64, r-patched-solaris-x86, r-release-windows-ix86+x86_64, r-release-osx-x86_64, r-oldrel-windows-ix86+x86_64, r-oldrel-osx-x86_64