CRAN Package Check Results for Package trimTrees

Last updated on 2017-07-31 01:47:29.

Flavor Version Tinstall Tcheck Ttotal Status Flags
r-devel-linux-x86_64-debian-clang 1.2 3.99 32.57 36.56 NOTE
r-devel-linux-x86_64-debian-gcc 1.2 4.01 23.54 27.55 NOTE
r-devel-linux-x86_64-fedora-clang 1.2 48.98 NOTE
r-devel-linux-x86_64-fedora-gcc 1.2 45.71 NOTE
r-devel-windows-ix86+x86_64 1.2 27.00 94.00 121.00 NOTE
r-patched-linux-x86_64 1.2 3.83 29.87 33.70 NOTE
r-patched-solaris-x86 1.2 79.80 NOTE
r-release-linux-x86_64 1.2 3.79 30.29 34.08 NOTE
r-release-windows-ix86+x86_64 1.2 19.00 88.00 107.00 NOTE
r-release-osx-x86_64 1.2 NOTE
r-oldrel-windows-ix86+x86_64 1.2 26.00 62.00 88.00 NOTE
r-oldrel-osx-x86_64 1.2 NOTE

Check Details

Version: 1.2
Check: R code for possible problems
Result: NOTE
    cinbag: no visible global function definition for ‘var’
    trimTrees: no visible global function definition for ‘predict’
    Undefined global functions or variables:
     predict var
    Consider adding
     importFrom("stats", "predict", "var")
    to your NAMESPACE file.
Flavors: r-devel-linux-x86_64-debian-clang, r-devel-linux-x86_64-debian-gcc, r-devel-linux-x86_64-fedora-clang, r-devel-linux-x86_64-fedora-gcc, r-devel-windows-ix86+x86_64, r-patched-linux-x86_64, r-patched-solaris-x86, r-release-linux-x86_64, r-release-windows-ix86+x86_64, r-release-osx-x86_64, r-oldrel-windows-ix86+x86_64, r-oldrel-osx-x86_64

Version: 1.2
Check: compiled code
Result: NOTE
    File ‘trimTrees/libs/trimTrees.so’:
     Found no calls to: ‘R_registerRoutines’, ‘R_useDynamicSymbols’
    
    It is good practice to register native routines and to disable symbol
    search.
    
    See ‘Writing portable packages’ in the ‘Writing R Extensions’ manual.
Flavors: r-devel-linux-x86_64-debian-clang, r-devel-linux-x86_64-debian-gcc, r-devel-linux-x86_64-fedora-clang, r-devel-linux-x86_64-fedora-gcc, r-patched-linux-x86_64, r-release-linux-x86_64