Last updated on 2017-07-31 01:47:29.
Flavor | Version | Tinstall | Tcheck | Ttotal | Status | Flags |
---|---|---|---|---|---|---|
r-devel-linux-x86_64-debian-clang | 1.1.9 | 2.04 | 29.56 | 31.60 | OK | |
r-devel-linux-x86_64-debian-gcc | 1.1.9 | 2.01 | 21.60 | 23.60 | OK | |
r-devel-linux-x86_64-fedora-clang | 1.1.9 | 42.84 | OK | |||
r-devel-linux-x86_64-fedora-gcc | 1.1.9 | 41.67 | OK | |||
r-devel-windows-ix86+x86_64 | 1.1.9 | 8.00 | 68.00 | 76.00 | OK | |
r-patched-linux-x86_64 | 1.1.9 | 2.21 | 29.30 | 31.51 | OK | |
r-patched-solaris-x86 | 1.1.9 | 55.70 | NOTE | |||
r-release-linux-x86_64 | 1.1.9 | 2.08 | 29.45 | 31.53 | OK | |
r-release-windows-ix86+x86_64 | 1.1.9 | 6.00 | 59.00 | 65.00 | OK | |
r-release-osx-x86_64 | 1.1.9 | OK | ||||
r-oldrel-windows-ix86+x86_64 | 1.1.9 | 8.00 | 41.00 | 49.00 | OK | |
r-oldrel-osx-x86_64 | 1.1.9 | OK |
Version: 1.1.9
Check: package dependencies
Result: NOTE
Package suggested but not available for checking: ‘RMySQL’
Flavor: r-patched-solaris-x86