Last updated on 2017-07-31 01:47:30.
Flavor | Version | Tinstall | Tcheck | Ttotal | Status | Flags |
---|---|---|---|---|---|---|
r-devel-linux-x86_64-debian-clang | 0.3.5 | 4.25 | 81.06 | 85.30 | NOTE | |
r-devel-linux-x86_64-debian-gcc | 0.3.5 | 4.29 | 70.77 | 75.07 | NOTE | |
r-devel-linux-x86_64-fedora-clang | 0.3.5 | 162.85 | NOTE | |||
r-devel-linux-x86_64-fedora-gcc | 0.3.5 | 173.26 | NOTE | |||
r-devel-windows-ix86+x86_64 | 0.3.5 | 17.00 | 205.00 | 222.00 | NOTE | |
r-patched-linux-x86_64 | 0.3.5 | 4.41 | 80.89 | 85.30 | NOTE | |
r-patched-solaris-x86 | 0.3.5 | 217.60 | NOTE | |||
r-release-linux-x86_64 | 0.3.5 | 4.66 | 79.43 | 84.09 | NOTE | |
r-release-windows-ix86+x86_64 | 0.3.5 | 34.00 | 175.00 | 209.00 | NOTE | |
r-release-osx-x86_64 | 0.3.5 | NOTE | ||||
r-oldrel-windows-ix86+x86_64 | 0.3.5 | 13.00 | 123.00 | 136.00 | NOTE | |
r-oldrel-osx-x86_64 | 0.3.5 | ERROR |
Version: 0.3.5
Check: DESCRIPTION meta-information
Result: NOTE
Malformed Description field: should contain one or more complete sentences.
Flavors: r-devel-linux-x86_64-debian-clang, r-devel-linux-x86_64-debian-gcc, r-devel-linux-x86_64-fedora-clang, r-devel-linux-x86_64-fedora-gcc, r-devel-windows-ix86+x86_64, r-patched-linux-x86_64, r-patched-solaris-x86, r-release-linux-x86_64, r-release-windows-ix86+x86_64, r-release-osx-x86_64, r-oldrel-windows-ix86+x86_64, r-oldrel-osx-x86_64
Version: 0.3.5
Check: R code for possible problems
Result: NOTE
build_ccit : <anonymous>: no visible global function definition for
‘as.formula’
ccif.formula: no visible global function definition for ‘terms’
ccif.formula: no visible global function definition for
‘model.response’
ccif.formula: no visible global function definition for ‘model.frame’
ccif.formula: no visible global function definition for ‘reformulate’
explore: no visible binding for global variable ‘na.pass’
explore: no visible global function definition for ‘terms’
explore: no visible global function definition for ‘model.response’
explore: no visible global function definition for ‘model.frame’
explore: no visible global function definition for ‘reformulate’
explore: no visible global function definition for ‘quantile’
modelProfile: no visible binding for global variable ‘na.pass’
modelProfile: no visible global function definition for
‘model.response’
modelProfile: no visible global function definition for ‘quantile’
niv: no visible binding for global variable ‘na.pass’
niv: no visible global function definition for ‘terms’
niv: no visible global function definition for ‘model.response’
niv: no visible global function definition for ‘model.frame’
niv: no visible global function definition for ‘reformulate’
niv: no visible global function definition for ‘quantile’
niv: no visible binding for global variable ‘sd’
niv: no visible global function definition for ‘barplot’
performance: no visible global function definition for ‘quantile’
predict.ccif: no visible global function definition for ‘model.frame’
predict.ccif: no visible global function definition for ‘terms’
predict.ccif: no visible global function definition for ‘reformulate’
predict.ccif: no visible binding for global variable ‘na.pass’
predict.upliftRF: no visible global function definition for
‘model.frame’
predict.upliftRF: no visible global function definition for ‘terms’
predict.upliftRF: no visible global function definition for
‘reformulate’
predict.upliftRF: no visible binding for global variable ‘na.pass’
qini.performance: no visible global function definition for ‘plot’
qini.performance: no visible global function definition for ‘lines’
qini.performance: no visible global function definition for ‘legend’
rvtu: no visible binding for global variable ‘na.pass’
rvtu: no visible global function definition for ‘terms’
rvtu: no visible global function definition for ‘model.response’
rvtu: no visible global function definition for ‘model.frame’
rvtu: no visible global function definition for ‘reformulate’
sim_pte: no visible global function definition for ‘rnorm’
sim_pte: no visible global function definition for ‘runif’
sim_pte: no visible global function definition for ‘pnorm’
tian_transf: no visible binding for global variable ‘na.pass’
tian_transf: no visible global function definition for ‘terms’
tian_transf: no visible global function definition for ‘model.response’
tian_transf: no visible global function definition for ‘model.matrix’
tian_transf: no visible global function definition for ‘reformulate’
tian_transf: no visible binding for global variable ‘contrasts’
upliftKNN: no visible global function definition for ‘dist’
upliftRF.formula: no visible global function definition for ‘terms’
upliftRF.formula: no visible global function definition for
‘model.response’
upliftRF.formula: no visible global function definition for
‘model.frame’
upliftRF.formula: no visible global function definition for
‘reformulate’
varImportance.ccif: no visible global function definition for ‘barplot’
varImportance.upliftRF: no visible global function definition for
‘barplot’
Undefined global functions or variables:
as.formula barplot contrasts dist legend lines model.frame
model.matrix model.response na.pass plot pnorm quantile reformulate
rnorm runif sd terms
Consider adding
importFrom("graphics", "barplot", "legend", "lines", "plot")
importFrom("stats", "as.formula", "contrasts", "dist", "model.frame",
"model.matrix", "model.response", "na.pass", "pnorm",
"quantile", "reformulate", "rnorm", "runif", "sd", "terms")
to your NAMESPACE file.
Flavors: r-devel-linux-x86_64-debian-clang, r-devel-linux-x86_64-debian-gcc, r-devel-linux-x86_64-fedora-clang, r-devel-linux-x86_64-fedora-gcc, r-devel-windows-ix86+x86_64, r-patched-linux-x86_64, r-patched-solaris-x86, r-release-linux-x86_64, r-release-windows-ix86+x86_64, r-release-osx-x86_64, r-oldrel-windows-ix86+x86_64, r-oldrel-osx-x86_64
Version: 0.3.5
Check: examples
Result: ERROR
Running examples in ‘uplift-Ex.R’ failed
The error most likely occurred in:
> ### Name: checkBalance
> ### Title: Standardized Differences for Stratified Comparisons
> ### Aliases: checkBalance
> ### Keywords: uplift xBalance
>
> ### ** Examples
>
> library(uplift)
>
> set.seed(12345)
> dd <- sim_pte(n = 1000, p = 20, rho = 0, sigma = sqrt(2), beta.den = 4)
> dd$treat <- ifelse(dd$treat == 1, 1, 0)
>
> checkBalance(treat ~ X1 + X2 + X3 + X4 + X5 + X6 , data = dd)
strata unstrat
stat treat=0 treat=1 adj.diff adj.diff.null.sd std.diff z
vars
X1 0.01152 -0.00596 -0.01748 0.06006 -0.01840 -0.29103
X2 0.03160 -0.02812 -0.05972 0.06236 -0.06057 -0.95778
X3 0.01145 -0.02242 -0.03387 0.06355 -0.03370 -0.53303
X4 0.01533 -0.03551 -0.05083 0.06370 -0.05046 -0.79801
X5 -0.06440 0.02370 0.08810 0.06153 0.09060 1.43175
X6 0.02237 -0.02177 -0.04414 0.06308 -0.04425 -0.69980
---Overall Test---
chisquare df p.value
unstrat 4.54 6 0.604
---
Signif. codes: 0 ‘***’ 0.001 ‘** ’ 0.01 ‘* ’ 0.05 ‘. ’ 0.1 ‘ ’ 1
Error in ncol(DT) : object 'DT' not found
Calls: <Anonymous> ... withOptions -> tryCatch -> do.call -> <Anonymous> -> ncol
Execution halted
Flavor: r-oldrel-osx-x86_64