Last updated on 2017-07-31 01:47:30.
Flavor | Version | Tinstall | Tcheck | Ttotal | Status | Flags |
---|---|---|---|---|---|---|
r-devel-linux-x86_64-debian-clang | 1.1.1 | 10.83 | 104.72 | 115.55 | NOTE | |
r-devel-linux-x86_64-debian-gcc | 1.1.1 | 10.69 | 97.75 | 108.44 | NOTE | |
r-devel-linux-x86_64-fedora-clang | 1.1.1 | 227.50 | NOTE | |||
r-devel-linux-x86_64-fedora-gcc | 1.1.1 | 238.85 | NOTE | |||
r-devel-windows-ix86+x86_64 | 1.1.1 | 45.00 | 387.00 | 432.00 | OK | |
r-patched-linux-x86_64 | 1.1.1 | 9.98 | 106.20 | 116.18 | NOTE | |
r-patched-solaris-x86 | 1.1.1 | 265.50 | OK | |||
r-release-linux-x86_64 | 1.1.1 | 10.37 | 107.55 | 117.92 | NOTE | |
r-release-windows-ix86+x86_64 | 1.1.1 | 38.00 | 350.00 | 388.00 | OK | |
r-release-osx-x86_64 | 1.1.1 | OK | ||||
r-oldrel-windows-ix86+x86_64 | 1.1.1 | 37.00 | 271.00 | 308.00 | OK | |
r-oldrel-osx-x86_64 | 1.1.1 | OK |
Version: 1.1.1
Check: compiled code
Result: NOTE
File ‘valuer/libs/valuer.so’:
Found no calls to: ‘R_registerRoutines’, ‘R_useDynamicSymbols’
It is good practice to register native routines and to disable symbol
search.
See ‘Writing portable packages’ in the ‘Writing R Extensions’ manual.
Flavors: r-devel-linux-x86_64-debian-clang, r-devel-linux-x86_64-debian-gcc, r-devel-linux-x86_64-fedora-clang, r-devel-linux-x86_64-fedora-gcc, r-patched-linux-x86_64, r-release-linux-x86_64