Last updated on 2017-07-31 01:47:30.
Flavor | Version | Tinstall | Tcheck | Ttotal | Status | Flags |
---|---|---|---|---|---|---|
r-devel-linux-x86_64-debian-clang | 0.3.4 | 18.49 | 67.12 | 85.61 | OK | |
r-devel-linux-x86_64-debian-gcc | 0.3.4 | 19.12 | 60.61 | 79.72 | OK | |
r-devel-linux-x86_64-fedora-clang | 0.3.4 | 171.72 | NOTE | |||
r-devel-linux-x86_64-fedora-gcc | 0.3.4 | 176.01 | NOTE | |||
r-devel-windows-ix86+x86_64 | 0.3.4 | 81.00 | 239.00 | 320.00 | OK | |
r-patched-linux-x86_64 | 0.3.4 | 18.02 | 66.87 | 84.88 | OK | |
r-patched-solaris-x86 | 0.3.4 | 215.20 | OK | |||
r-release-linux-x86_64 | 0.3.4 | 18.31 | 67.46 | 85.76 | OK | |
r-release-windows-ix86+x86_64 | 0.3.4 | 97.00 | 210.00 | 307.00 | OK | |
r-release-osx-x86_64 | 0.3.4 | WARN | ||||
r-oldrel-windows-ix86+x86_64 | 0.3.4 | 83.00 | 159.00 | 242.00 | OK | |
r-oldrel-osx-x86_64 | 0.3.4 | OK |
Version: 0.3.4
Check: installed package size
Result: NOTE
installed size is 5.4Mb
sub-directories of 1Mb or more:
libs 4.8Mb
Flavors: r-devel-linux-x86_64-fedora-clang, r-devel-linux-x86_64-fedora-gcc, r-release-osx-x86_64
Version: 0.3.4
Check: re-building of vignette outputs
Result: WARN
Error in re-building vignettes:
...
Warning: running command 'kpsewhich framed.sty' had status 1
Warning in test_latex_pkg("framed", system.file("misc", "framed.sty", package = "knitr")) :
unable to find LaTeX package 'framed'; will use a copy from knitr
Error in texi2dvi(file = file, pdf = TRUE, clean = clean, quiet = quiet, :
Running 'texi2dvi' on 'walkr.tex' failed.
LaTeX errors:
! LaTeX Error: File `titlesec.sty' not found.
Type X to quit or <RETURN> to proceed,
or enter new name. (Default extension: sty)
! Emergency stop.
<read *>
l.99 \usepackage
{titletoc}^^M
! ==> Fatal error occurred, no output PDF file produced!
Calls: buildVignettes -> texi2pdf -> texi2dvi
Execution halted
Flavor: r-release-osx-x86_64