Last updated on 2017-07-31 01:47:30.
Flavor | Version | Tinstall | Tcheck | Ttotal | Status | Flags |
---|---|---|---|---|---|---|
r-devel-linux-x86_64-debian-clang | 1.1.8 | 2.79 | 73.53 | 76.32 | OK | |
r-devel-linux-x86_64-debian-gcc | 1.1.8 | 2.62 | 62.01 | 64.64 | OK | |
r-devel-linux-x86_64-fedora-clang | 1.1.8 | 109.85 | NOTE | |||
r-devel-linux-x86_64-fedora-gcc | 1.1.8 | 112.33 | NOTE | |||
r-devel-windows-ix86+x86_64 | 1.1.8 | 14.00 | 143.00 | 157.00 | OK | |
r-patched-linux-x86_64 | 1.1.8 | 2.66 | 73.23 | 75.90 | OK | |
r-patched-solaris-x86 | 1.1.8 | 136.30 | NOTE | |||
r-release-linux-x86_64 | 1.1.8 | 2.64 | 74.32 | 76.96 | OK | |
r-release-windows-ix86+x86_64 | 1.1.8 | 11.00 | 122.00 | 133.00 | OK | |
r-release-osx-x86_64 | 1.1.8 | ERROR | ||||
r-oldrel-windows-ix86+x86_64 | 1.1.8 | 11.00 | 94.00 | 105.00 | OK | |
r-oldrel-osx-x86_64 | 1.1.8 | NOTE |
Version: 1.1.8
Check: dependencies in R code
Result: NOTE
Namespaces in Imports field not imported from:
‘monitoR’ ‘proxy’ ‘signal’
All declared Imports should be used.
Flavors: r-devel-linux-x86_64-fedora-clang, r-devel-linux-x86_64-fedora-gcc, r-patched-solaris-x86, r-oldrel-osx-x86_64
Version: 1.1.8
Check: package dependencies
Result: ERROR
Package required but not available: ‘seewave’
See section ‘The DESCRIPTION file’ in the ‘Writing R Extensions’
manual.
Flavor: r-release-osx-x86_64