CRAN Package Check Results for Package wikibooks

Last updated on 2017-07-31 01:47:31.

Flavor Version Tinstall Tcheck Ttotal Status Flags
r-devel-linux-x86_64-debian-clang 0.2 0.60 23.80 24.41 NOTE
r-devel-linux-x86_64-debian-gcc 0.2 0.62 17.08 17.70 NOTE
r-devel-linux-x86_64-fedora-clang 0.2 31.11 NOTE
r-devel-linux-x86_64-fedora-gcc 0.2 31.49 NOTE
r-devel-windows-ix86+x86_64 0.2 3.00 49.00 52.00 NOTE
r-patched-linux-x86_64 0.2 0.62 23.52 24.13 NOTE
r-patched-solaris-x86 0.2 42.80 NOTE
r-release-linux-x86_64 0.2 0.64 23.56 24.21 NOTE
r-release-windows-ix86+x86_64 0.2 3.00 35.00 38.00 NOTE
r-release-osx-x86_64 0.2 NOTE
r-oldrel-windows-ix86+x86_64 0.2 2.00 36.00 38.00 NOTE
r-oldrel-osx-x86_64 0.2 NOTE

Check Details

Version: 0.2
Check: DESCRIPTION meta-information
Result: NOTE
    Malformed Description field: should contain one or more complete sentences.
Flavors: r-devel-linux-x86_64-debian-clang, r-devel-linux-x86_64-debian-gcc, r-devel-linux-x86_64-fedora-clang, r-devel-linux-x86_64-fedora-gcc, r-devel-windows-ix86+x86_64, r-patched-linux-x86_64, r-patched-solaris-x86, r-release-linux-x86_64, r-release-windows-ix86+x86_64, r-release-osx-x86_64, r-oldrel-windows-ix86+x86_64, r-oldrel-osx-x86_64

Version: 0.2
Check: R code for possible problems
Result: NOTE
    Bundesliga.Mannschaft: no visible global function definition for ‘data’
    Bundesliga.Mannschaft: no visible binding for global variable
     ‘Bundesliga’
    Bundesliga.Tabelle: no visible global function definition for ‘data’
    Bundesliga.Tabelle: no visible binding for global variable ‘Bundesliga’
    Bundesliga.XML: no visible global function definition for ‘data’
    Bundesliga.XML: no visible binding for global variable ‘Bundesliga’
    sens.spec: no visible global function definition for ‘na.omit’
    Undefined global functions or variables:
     Bundesliga data na.omit
    Consider adding
     importFrom("stats", "na.omit")
     importFrom("utils", "data")
    to your NAMESPACE file.
    
    Found the following calls to data() loading into the global environment:
    File ‘wikibooks/R/Bundesliga.Mannschaft.R’:
     data(Bundesliga)
    File ‘wikibooks/R/Bundesliga.Tabelle.R’:
     data(Bundesliga)
    File ‘wikibooks/R/Bundesliga.XML.R’:
     data(Bundesliga)
    See section ‘Good practice’ in ‘?data’.
Flavors: r-devel-linux-x86_64-debian-clang, r-devel-linux-x86_64-debian-gcc, r-devel-linux-x86_64-fedora-clang, r-patched-linux-x86_64, r-release-linux-x86_64

Version: 0.2
Check: R code for possible problems
Result: NOTE
    Bundesliga.Mannschaft: no visible global function definition for ‘data’
    Bundesliga.Mannschaft: no visible binding for global variable
     ‘Bundesliga’
    Bundesliga.Tabelle: no visible global function definition for ‘data’
    Bundesliga.Tabelle: no visible binding for global variable ‘Bundesliga’
    Bundesliga.XML: no visible global function definition for ‘data’
    Bundesliga.XML: no visible binding for global variable ‘Bundesliga’
    sens.spec: no visible global function definition for ‘na.omit’
    Undefined global functions or variables:
     Bundesliga data na.omit
    Consider adding
     importFrom("stats", "na.omit")
     importFrom("utils", "data")
    to your NAMESPACE file.
Flavors: r-devel-linux-x86_64-fedora-gcc, r-devel-windows-ix86+x86_64, r-patched-solaris-x86, r-release-windows-ix86+x86_64, r-release-osx-x86_64, r-oldrel-windows-ix86+x86_64, r-oldrel-osx-x86_64