Last updated on 2017-07-31 01:47:31.
Flavor | Version | Tinstall | Tcheck | Ttotal | Status | Flags |
---|---|---|---|---|---|---|
r-devel-linux-x86_64-debian-clang | 1.0-1 | 1.25 | 17.85 | 19.09 | OK | |
r-devel-linux-x86_64-debian-gcc | 1.0-1 | 1.26 | 11.69 | 12.95 | OK | |
r-devel-linux-x86_64-fedora-clang | 1.0-1 | 20.00 | NOTE | |||
r-devel-linux-x86_64-fedora-gcc | 1.0-1 | 20.45 | NOTE | |||
r-devel-windows-ix86+x86_64 | 1.0-1 | 8.00 | 36.00 | 44.00 | NOTE | |
r-patched-linux-x86_64 | 1.0-1 | 1.34 | 18.12 | 19.46 | OK | |
r-patched-solaris-x86 | 1.0-1 | 30.50 | NOTE | |||
r-release-linux-x86_64 | 1.0-1 | 1.23 | 18.07 | 19.31 | OK | |
r-release-windows-ix86+x86_64 | 1.0-1 | 7.00 | 37.00 | 44.00 | NOTE | |
r-release-osx-x86_64 | 1.0-1 | NOTE | ||||
r-oldrel-windows-ix86+x86_64 | 1.0-1 | 8.00 | 33.00 | 41.00 | NOTE | |
r-oldrel-osx-x86_64 | 1.0-1 | NOTE |
Version: 1.0-1
Check: installed package size
Result: NOTE
installed size is 11.6Mb
sub-directories of 1Mb or more:
data 11.4Mb
Flavors: r-devel-linux-x86_64-fedora-clang, r-devel-linux-x86_64-fedora-gcc, r-devel-windows-ix86+x86_64, r-patched-solaris-x86, r-release-windows-ix86+x86_64, r-release-osx-x86_64, r-oldrel-windows-ix86+x86_64, r-oldrel-osx-x86_64