Last updated on 2017-07-31 01:47:31.
Flavor | Version | Tinstall | Tcheck | Ttotal | Status | Flags |
---|---|---|---|---|---|---|
r-devel-linux-x86_64-debian-clang | 2.1.14 | 5.52 | 17.15 | 22.66 | NOTE | |
r-devel-linux-x86_64-debian-gcc | 2.1.14 | 5.51 | 11.04 | 16.55 | NOTE | |
r-devel-linux-x86_64-fedora-clang | 2.1.14 | 28.30 | NOTE | |||
r-devel-linux-x86_64-fedora-gcc | 2.1.14 | 27.41 | NOTE | |||
r-devel-windows-ix86+x86_64 | 2.1.14 | 37.00 | 47.00 | 84.00 | OK | |
r-patched-linux-x86_64 | 2.1.14 | 5.45 | 16.99 | 22.44 | NOTE | |
r-patched-solaris-x86 | 2.1.14 | 42.30 | OK | |||
r-release-linux-x86_64 | 2.1.14 | 5.41 | 16.74 | 22.15 | NOTE | |
r-release-windows-ix86+x86_64 | 2.1.14 | 55.00 | 40.00 | 95.00 | OK | |
r-release-osx-x86_64 | 2.1.14 | OK | ||||
r-oldrel-windows-ix86+x86_64 | 2.1.14 | 36.00 | 29.00 | 65.00 | OK | |
r-oldrel-osx-x86_64 | 2.1.14 | OK |
Version: 2.1.14
Check: compiled code
Result: NOTE
File ‘yaml/libs/yaml.so’:
Found no call to: ‘R_useDynamicSymbols’
It is good practice to register native routines and to disable symbol
search.
See ‘Writing portable packages’ in the ‘Writing R Extensions’ manual.
Flavors: r-devel-linux-x86_64-debian-clang, r-devel-linux-x86_64-debian-gcc, r-devel-linux-x86_64-fedora-clang, r-devel-linux-x86_64-fedora-gcc, r-patched-linux-x86_64, r-release-linux-x86_64