CRAN Package Check Results for Package ztable

Last updated on 2017-07-31 01:47:31.

Flavor Version Tinstall Tcheck Ttotal Status Flags
r-devel-linux-x86_64-debian-clang 0.1.5 0.98 39.44 40.42 NOTE
r-devel-linux-x86_64-debian-gcc 0.1.5 1.05 31.85 32.90 NOTE
r-devel-linux-x86_64-fedora-clang 0.1.5 63.91 NOTE
r-devel-linux-x86_64-fedora-gcc 0.1.5 66.44 NOTE
r-devel-windows-ix86+x86_64 0.1.5 5.00 84.00 89.00 NOTE
r-patched-linux-x86_64 0.1.5 0.99 39.55 40.54 NOTE
r-patched-solaris-x86 0.1.5 71.60 NOTE
r-release-linux-x86_64 0.1.5 1.11 39.29 40.39 NOTE
r-release-windows-ix86+x86_64 0.1.5 4.00 83.00 87.00 NOTE
r-release-osx-x86_64 0.1.5 NOTE
r-oldrel-windows-ix86+x86_64 0.1.5 5.00 60.00 65.00 NOTE
r-oldrel-osx-x86_64 0.1.5 NOTE

Check Details

Version: 0.1.5
Check: R code for possible problems
Result: NOTE
    ztable.glm: no visible global function definition for ‘confint’
    ztable.glm: no visible global function definition for ‘coef’
    ztable.nls: no visible global function definition for ‘formula’
    Undefined global functions or variables:
     coef confint formula
    Consider adding
     importFrom("stats", "coef", "confint", "formula")
    to your NAMESPACE file.
Flavors: r-devel-linux-x86_64-debian-clang, r-devel-linux-x86_64-debian-gcc, r-devel-linux-x86_64-fedora-clang, r-devel-linux-x86_64-fedora-gcc, r-devel-windows-ix86+x86_64, r-patched-linux-x86_64, r-patched-solaris-x86, r-release-linux-x86_64, r-release-windows-ix86+x86_64, r-release-osx-x86_64, r-oldrel-windows-ix86+x86_64, r-oldrel-osx-x86_64