CRAN Package Check Results for Package ACDm

Last updated on 2017-09-26 01:47:07.

Flavor Version Tinstall Tcheck Ttotal Status Flags
r-devel-linux-x86_64-debian-clang 1.0.4 6.01 49.76 55.77 NOTE
r-devel-linux-x86_64-debian-gcc 1.0.4 7.80 48.44 56.24 NOTE
r-devel-linux-x86_64-fedora-clang 1.0.4 110.66 NOTE
r-devel-linux-x86_64-fedora-gcc 1.0.4 89.03 NOTE
r-devel-windows-ix86+x86_64 1.0.4 22.00 130.00 152.00 OK
r-patched-linux-x86_64 1.0.4 8.58 51.67 60.25 NOTE
r-patched-solaris-x86 1.0.4 144.30 OK
r-release-linux-x86_64 1.0.4 7.95 51.27 59.22 NOTE
r-release-windows-ix86+x86_64 1.0.4 19.00 117.00 136.00 OK
r-release-osx-x86_64 1.0.4 OK
r-oldrel-windows-ix86+x86_64 1.0.4 28.00 119.00 147.00 OK
r-oldrel-osx-x86_64 1.0.4 NOTE

Check Details

Version: 1.0.4
Check: compiled code
Result: NOTE
    File ‘ACDm/libs/ACDm.so’:
     Found no calls to: ‘R_registerRoutines’, ‘R_useDynamicSymbols’
    
    It is good practice to register native routines and to disable symbol
    search.
    
    See ‘Writing portable packages’ in the ‘Writing R Extensions’ manual.
Flavors: r-devel-linux-x86_64-debian-clang, r-devel-linux-x86_64-debian-gcc, r-devel-linux-x86_64-fedora-clang, r-devel-linux-x86_64-fedora-gcc, r-patched-linux-x86_64, r-release-linux-x86_64

Version: 1.0.4
Check: dependencies in R code
Result: NOTE
    Invalid MIT-MAGIC-COOKIE-1 key
Flavor: r-oldrel-osx-x86_64