Last updated on 2017-09-26 01:47:09.
Flavor | Version | Tinstall | Tcheck | Ttotal | Status | Flags |
---|---|---|---|---|---|---|
r-devel-linux-x86_64-debian-clang | 0.24 | 2.96 | 32.78 | 35.74 | NOTE | |
r-devel-linux-x86_64-debian-gcc | 0.24 | 3.22 | 32.25 | 35.47 | NOTE | |
r-devel-linux-x86_64-fedora-clang | 0.24 | 88.79 | NOTE | |||
r-devel-linux-x86_64-fedora-gcc | 0.24 | 66.99 | NOTE | |||
r-devel-windows-ix86+x86_64 | 0.24 | 9.00 | 58.00 | 67.00 | NOTE | |
r-patched-linux-x86_64 | 0.24 | 3.50 | 31.78 | 35.28 | NOTE | |
r-patched-solaris-x86 | 0.24 | 106.10 | NOTE | |||
r-release-linux-x86_64 | 0.24 | 3.24 | 32.54 | 35.78 | NOTE | |
r-release-windows-ix86+x86_64 | 0.24 | 9.00 | 87.00 | 96.00 | NOTE | |
r-release-osx-x86_64 | 0.24 | ERROR | ||||
r-oldrel-windows-ix86+x86_64 | 0.24 | 14.00 | 53.00 | 67.00 | NOTE | |
r-oldrel-osx-x86_64 | 0.24 | ERROR |
Version: 0.24
Check: DESCRIPTION meta-information
Result: NOTE
Malformed Title field: should not end in a period.
Flavors: r-devel-linux-x86_64-debian-clang, r-devel-linux-x86_64-debian-gcc, r-devel-linux-x86_64-fedora-clang, r-devel-linux-x86_64-fedora-gcc, r-devel-windows-ix86+x86_64, r-patched-linux-x86_64, r-patched-solaris-x86, r-release-linux-x86_64, r-release-windows-ix86+x86_64, r-oldrel-windows-ix86+x86_64
Version: 0.24
Check: dependencies in R code
Result: NOTE
Packages in Depends field not imported from:
‘cairoDevice’ ‘gWidgetsRGtk2’ ‘partitions’ ‘proto’
These packages need to be imported from (in the NAMESPACE file)
for when this namespace is loaded but not attached.
Flavors: r-devel-linux-x86_64-debian-clang, r-devel-linux-x86_64-debian-gcc, r-devel-linux-x86_64-fedora-clang, r-devel-linux-x86_64-fedora-gcc, r-devel-windows-ix86+x86_64, r-patched-linux-x86_64, r-patched-solaris-x86, r-release-linux-x86_64, r-release-windows-ix86+x86_64, r-oldrel-windows-ix86+x86_64
Version: 0.24
Check: package dependencies
Result: ERROR
Packages required but not available: ‘cairoDevice’ ‘gWidgetsRGtk2’
See section ‘The DESCRIPTION file’ in the ‘Writing R Extensions’
manual.
Flavor: r-release-osx-x86_64
Version: 0.24
Check: whether package can be installed
Result: ERROR
Installation failed.
Flavor: r-oldrel-osx-x86_64