CRAN Package Check Results for Package BEACH

Last updated on 2017-09-26 01:47:10.

Flavor Version Tinstall Tcheck Ttotal Status Flags
r-devel-linux-x86_64-debian-clang 1.1.2 4.75 49.31 54.06 OK
r-devel-linux-x86_64-debian-gcc 1.1.2 4.54 48.76 53.31 OK
r-devel-linux-x86_64-fedora-clang 1.1.2 149.69 NOTE
r-devel-linux-x86_64-fedora-gcc 1.1.2 121.13 NOTE
r-devel-windows-ix86+x86_64 1.1.2 13.00 91.00 104.00 OK
r-patched-linux-x86_64 1.1.2 5.11 49.05 54.16 OK
r-patched-solaris-x86 1.1.2 164.30 NOTE
r-release-linux-x86_64 1.1.2 4.73 49.43 54.16 OK
r-release-windows-ix86+x86_64 1.1.2 15.00 89.00 104.00 OK
r-release-osx-x86_64 1.1.2 NOTE
r-oldrel-windows-ix86+x86_64 1.1.2 13.00 90.00 103.00 OK
r-oldrel-osx-x86_64 1.1.2 NOTE

Check Details

Version: 1.1.2
Check: dependencies in R code
Result: NOTE
    Namespace in Imports field not imported from: ‘readxl’
     All declared Imports should be used.
Flavors: r-devel-linux-x86_64-fedora-clang, r-devel-linux-x86_64-fedora-gcc, r-patched-solaris-x86, r-release-osx-x86_64, r-oldrel-osx-x86_64