CRAN Package Check Results for Package BayesNetBP

Last updated on 2017-09-26 01:47:09.

Flavor Version Tinstall Tcheck Ttotal Status Flags
r-devel-linux-x86_64-debian-clang 1.2.1 4.83 63.64 68.47 OK
r-devel-linux-x86_64-debian-gcc 1.2.1 4.74 62.10 66.84 OK
r-devel-linux-x86_64-fedora-clang 1.2.1 185.55 OK
r-devel-linux-x86_64-fedora-gcc 1.2.1 153.47 OK
r-devel-windows-ix86+x86_64 1.2.1 12.00 98.00 110.00 OK
r-patched-linux-x86_64 1.2.1 5.06 63.88 68.95 OK
r-patched-solaris-x86 1.2.1 208.50 OK
r-release-linux-x86_64 1.2.1 4.67 64.49 69.15 OK
r-release-windows-ix86+x86_64 1.2.1 12.00 101.00 113.00 OK
r-release-osx-x86_64 1.2.1 ERROR
r-oldrel-windows-ix86+x86_64 1.2.1 13.00 110.00 123.00 OK
r-oldrel-osx-x86_64 1.2.1 OK

Check Details

Version: 1.2.1
Check: package dependencies
Result: ERROR
    Packages required but not available: ‘Rgraphviz’ ‘gRbase’ ‘qtlnet’ ‘graph’
    
    See section ‘The DESCRIPTION file’ in the ‘Writing R Extensions’
    manual.
Flavor: r-release-osx-x86_64