Last updated on 2017-09-26 01:47:09.
Flavor | Version | Tinstall | Tcheck | Ttotal | Status | Flags |
---|---|---|---|---|---|---|
r-devel-linux-x86_64-debian-clang | 0.1.3 | 4.12 | 49.65 | 53.76 | OK | |
r-devel-linux-x86_64-debian-gcc | 0.1.3 | 4.05 | 51.29 | 55.34 | OK | |
r-devel-linux-x86_64-fedora-clang | 0.1.3 | 121.90 | OK | |||
r-devel-linux-x86_64-fedora-gcc | 0.1.3 | 97.90 | OK | |||
r-devel-windows-ix86+x86_64 | 0.1.3 | 13.00 | 86.00 | 99.00 | OK | |
r-patched-linux-x86_64 | 0.1.3 | 3.97 | 50.19 | 54.16 | OK | |
r-patched-solaris-x86 | 0.1.3 | 129.20 | OK | |||
r-release-linux-x86_64 | 0.1.3 | 4.18 | 50.76 | 54.94 | OK | |
r-release-windows-ix86+x86_64 | 0.1.3 | 14.00 | 88.00 | 102.00 | OK | |
r-release-osx-x86_64 | 0.1.3 | WARN | ||||
r-oldrel-windows-ix86+x86_64 | 0.1.3 | 11.00 | 92.00 | 103.00 | OK | |
r-oldrel-osx-x86_64 | 0.1.3 | OK |
Version: 0.1.3
Check: whether package can be installed
Result: WARN
Found the following significant warnings:
Warning: Installed Rcpp (0.12.12) different from Rcpp used to build dplyr (0.12.11).
Flavor: r-release-osx-x86_64