CRAN Package Check Results for Package CorReg

Last updated on 2017-09-26 01:47:13.

Flavor Version Tinstall Tcheck Ttotal Status Flags
r-devel-linux-x86_64-debian-clang 1.2.1 241.26 57.83 299.09 OK
r-devel-linux-x86_64-debian-gcc 1.2.1 188.67 57.79 246.46 OK
r-devel-linux-x86_64-fedora-clang 1.2.1 548.60 NOTE
r-devel-linux-x86_64-fedora-gcc 1.2.1 489.60 NOTE
r-devel-windows-ix86+x86_64 1.2.1 429.00 117.00 546.00 OK
r-patched-linux-x86_64 1.2.1 184.67 56.41 241.08 OK
r-patched-solaris-x86 1.2.1 442.00 OK
r-release-linux-x86_64 1.2.1 183.88 56.45 240.33 OK
r-release-windows-ix86+x86_64 1.2.1 472.00 123.00 595.00 OK
r-release-osx-x86_64 1.2.1 NOTE
r-oldrel-windows-ix86+x86_64 1.2.1 595.00 120.00 715.00 OK
r-oldrel-osx-x86_64 1.2.1 NOTE

Check Details

Version: 1.2.1
Check: installed package size
Result: NOTE
     installed size is 28.6Mb
     sub-directories of 1Mb or more:
     libs 28.4Mb
Flavors: r-devel-linux-x86_64-fedora-clang, r-devel-linux-x86_64-fedora-gcc, r-release-osx-x86_64, r-oldrel-osx-x86_64