Last updated on 2017-09-26 01:47:14.
Flavor | Version | Tinstall | Tcheck | Ttotal | Status | Flags |
---|---|---|---|---|---|---|
r-devel-linux-x86_64-debian-clang | 0.1.1 | 3.47 | 77.12 | 80.58 | OK | |
r-devel-linux-x86_64-debian-gcc | 0.1.1 | 3.38 | 74.92 | 78.30 | OK | |
r-devel-linux-x86_64-fedora-clang | 0.1.1 | 184.63 | OK | |||
r-devel-linux-x86_64-fedora-gcc | 0.1.1 | 162.89 | OK | |||
r-devel-windows-ix86+x86_64 | 0.1.1 | 10.00 | 194.00 | 204.00 | OK | |
r-patched-linux-x86_64 | 0.1.1 | 3.68 | 77.94 | 81.63 | OK | |
r-patched-solaris-x86 | 0.1.1 | 233.50 | OK | |||
r-release-linux-x86_64 | 0.1.1 | 3.46 | 76.39 | 79.85 | OK | |
r-release-windows-ix86+x86_64 | 0.1.1 | 11.00 | 185.00 | 196.00 | OK | |
r-release-osx-x86_64 | 0.1.1 | WARN | ||||
r-oldrel-windows-ix86+x86_64 | 0.1.1 | 11.00 | 198.00 | 209.00 | OK | |
r-oldrel-osx-x86_64 | 0.1.1 | OK |
Version: 0.1.1
Check: re-building of vignette outputs
Result: WARN
Error in re-building vignettes:
...
Warning: running command 'kpsewhich framed.sty' had status 1
Warning in test_latex_pkg("framed", system.file("misc", "framed.sty", package = "knitr")) :
unable to find LaTeX package 'framed'; will use a copy from knitr
Warning in wilcox.test.default(d.lead, alternative = "greater") :
cannot compute exact p-value with ties
Warning in wilcox.test.default(d.lead, alternative = "greater") :
cannot compute exact p-value with zeroes
Error in texi2dvi(file = file, pdf = TRUE, clean = clean, quiet = quiet, :
Running 'texi2dvi' on 'CrossScreening-vignette.tex' failed.
LaTeX errors:
! LaTeX Error: File `authblk.sty' not found.
Type X to quit or <RETURN> to proceed,
or enter new name. (Default extension: sty)
! Emergency stop.
<read *>
l.73 \usepackage
{cleveref}^^M
! ==> Fatal error occurred, no output PDF file produced!
Calls: buildVignettes -> texi2pdf -> texi2dvi
Execution halted
Flavor: r-release-osx-x86_64