CRAN Package Check Results for Package DClusterm

Last updated on 2017-09-26 01:47:15.

Flavor Version Tinstall Tcheck Ttotal Status Flags
r-devel-linux-x86_64-debian-clang 0.1 4.51 499.95 504.46 NOTE
r-devel-linux-x86_64-debian-gcc 0.1 4.70 518.25 522.96 NOTE
r-devel-linux-x86_64-fedora-clang 0.1 235.20 NOTE
r-devel-linux-x86_64-fedora-gcc 0.1 213.39 NOTE
r-devel-windows-ix86+x86_64 0.1 14.00 100.00 114.00 OK --no-vignettes
r-patched-linux-x86_64 0.1 4.54 499.88 504.42 NOTE
r-patched-solaris-x86 0.1 1108.30 NOTE
r-release-linux-x86_64 0.1 4.93 497.96 502.89 NOTE
r-release-windows-ix86+x86_64 0.1 12.00 143.00 155.00 OK --no-vignettes
r-release-osx-x86_64 0.1 FAIL
r-oldrel-windows-ix86+x86_64 0.1 17.00 103.00 120.00 OK --no-vignettes
r-oldrel-osx-x86_64 0.1 NOTE

Check Details

Version: 0.1
Check: package dependencies
Result: NOTE
    Package suggested but not available for checking: ‘INLA’
Flavors: r-devel-linux-x86_64-debian-clang, r-devel-linux-x86_64-debian-gcc, r-patched-linux-x86_64, r-patched-solaris-x86, r-release-linux-x86_64, r-release-osx-x86_64, r-oldrel-osx-x86_64

Version: 0.1
Check: data for non-ASCII characters
Result: NOTE
     Note: found 2 marked Latin-1 strings
Flavors: r-devel-linux-x86_64-fedora-clang, r-devel-linux-x86_64-fedora-gcc, r-patched-solaris-x86, r-release-osx-x86_64, r-oldrel-osx-x86_64

Version: 0.1
Check: re-building of vignette outputs
Result: NOTE
    Error in re-building vignettes:
     ...
    
     as.Date, as.Date.numeric
    
    Loading required package: lattice
    
    Attaching package: 'lattice'
    
    The following object is masked from 'package:boot':
    
     melanoma
    
    Classes and Methods for R developed in the
    
    Political Science Computational Laboratory
    
    Department of Political Science
    
    Stanford University
    
    Simon Jackman
    
    hurdle and zeroinfl functions by Achim Zeileis
    
    
    Execution halted
Flavor: r-release-osx-x86_64

Version: 0.1
Check: PDF version of manual
Result: FAIL
    
Flavor: r-release-osx-x86_64