CRAN Package Check Results for Package DPpackage

Last updated on 2017-09-26 01:47:16.

Flavor Version Tinstall Tcheck Ttotal Status Flags
r-devel-linux-x86_64-debian-clang 1.1-7 67.17 142.86 210.03 WARN
r-devel-linux-x86_64-debian-gcc 1.1-7 69.66 140.88 210.54 WARN
r-devel-linux-x86_64-fedora-clang 1.1-7 436.27 WARN
r-devel-linux-x86_64-fedora-gcc 1.1-7 391.93 WARN
r-devel-windows-ix86+x86_64 1.1-7 367.00 228.00 595.00 WARN
r-patched-linux-x86_64 1.1-7 67.51 141.06 208.57 WARN
r-patched-solaris-x86 1.1-7 523.00 NOTE
r-release-linux-x86_64 1.1-7 68.91 145.11 214.03 WARN
r-release-windows-ix86+x86_64 1.1-7 250.00 215.00 465.00 NOTE
r-release-osx-x86_64 1.1-7 NOTE
r-oldrel-windows-ix86+x86_64 1.1-7 323.00 230.00 553.00 NOTE
r-oldrel-osx-x86_64 1.1-7 NOTE

Check Details

Version: 1.1-7
Check: whether package can be installed
Result: WARN
    Found the following significant warnings:
     Warning: GNU Extension: Nonstandard type declaration REAL*8 at (1)
     Warning: GNU Extension: Symbol ‘nsave’ is used before it is typed at (1)
     Warning: GNU Extension: Different type kinds at (1)
Flavors: r-devel-linux-x86_64-debian-clang, r-devel-linux-x86_64-debian-gcc, r-devel-linux-x86_64-fedora-clang, r-devel-linux-x86_64-fedora-gcc, r-devel-windows-ix86+x86_64, r-patched-linux-x86_64, r-release-linux-x86_64

Version: 1.1-7
Check: compiled code
Result: NOTE
    File ‘DPpackage/libs/DPpackage.so’:
     Found ‘_gfortran_st_write’, possibly from ‘write’ (Fortran), ‘print’
     (Fortran)
     Objects: ‘DPdensityreg.o’, ‘LDBDPdensity.o’, ‘LDDPdensity.o’,
     ‘LDDPsurvival.o’, ‘LDPDdoublyintsba.o’, ‘LDTFPdensity.o’,
     ‘LDTFPglmmpois.o’, ‘LDTFPsurvival.o’, ‘PSgamgam.o’,
     ‘PSgamgauss.o’, ‘PSgamlogit.o’, ‘PSgampois.o’, ‘PSgamprob.o’
    
    Compiled code should not call entry points which might terminate R nor
    write to stdout/stderr instead of to the console, nor the system RNG.
    
    See ‘Writing portable packages’ in the ‘Writing R Extensions’ manual.
Flavors: r-devel-linux-x86_64-debian-clang, r-devel-linux-x86_64-debian-gcc, r-devel-linux-x86_64-fedora-clang, r-devel-linux-x86_64-fedora-gcc, r-patched-linux-x86_64, r-release-linux-x86_64

Version: 1.1-7
Check: installed package size
Result: NOTE
     installed size is 7.8Mb
     sub-directories of 1Mb or more:
     libs 6.6Mb
Flavor: r-devel-windows-ix86+x86_64

Version: 1.1-7
Check: compiled code
Result: NOTE
    File 'DPpackage/libs/i386/DPpackage.dll':
     Found '_gfortran_st_write', possibly from 'write' (Fortran), 'print'
     (Fortran)
     Objects: 'DPdensityreg.o', 'LDBDPdensity.o', 'LDDPdensity.o',
     'LDDPsurvival.o', 'LDPDdoublyintsba.o', 'LDTFPdensity.o',
     'LDTFPglmmpois.o', 'LDTFPsurvival.o', 'PSgamgam.o',
     'PSgamgauss.o', 'PSgamlogit.o', 'PSgampois.o', 'PSgamprob.o'
    File 'DPpackage/libs/x64/DPpackage.dll':
     Found '_gfortran_st_write', possibly from 'write' (Fortran), 'print'
     (Fortran)
     Objects: 'DPdensityreg.o', 'LDBDPdensity.o', 'LDDPdensity.o',
     'LDDPsurvival.o', 'LDPDdoublyintsba.o', 'LDTFPdensity.o',
     'LDTFPglmmpois.o', 'LDTFPsurvival.o', 'PSgamgam.o',
     'PSgamgauss.o', 'PSgamlogit.o', 'PSgampois.o', 'PSgamprob.o'
    
    Compiled code should not call entry points which might terminate R nor
    write to stdout/stderr instead of to the console, nor the system RNG.
    
    See 'Writing portable packages' in the 'Writing R Extensions' manual.
Flavors: r-devel-windows-ix86+x86_64, r-release-windows-ix86+x86_64, r-oldrel-windows-ix86+x86_64

Version: 1.1-7
Check: compiled code
Result: NOTE
    File ‘DPpackage/libs/DPpackage.so’:
     Found ‘__f90_esuw’, possibly from ‘write’ (Fortran)
     Objects: ‘DPdensityreg.o’, ‘LDBDPdensity.o’, ‘LDDPdensity.o’,
     ‘LDDPsurvival.o’, ‘LDPDdoublyintsba.o’, ‘LDTFPdensity.o’,
     ‘LDTFPglmmpois.o’, ‘LDTFPsurvival.o’, ‘PSgamgam.o’,
     ‘PSgamgauss.o’, ‘PSgamlogit.o’, ‘PSgampois.o’, ‘PSgamprob.o’
    
    Compiled code should not call entry points which might terminate R nor
    write to stdout/stderr instead of to the console, nor the system RNG.
    
    See ‘Writing portable packages’ in the ‘Writing R Extensions’ manual.
Flavor: r-patched-solaris-x86

Version: 1.1-7
Check: compiled code
Result: NOTE
    File ‘DPpackage/libs/DPpackage.so’:
     Found ‘__gfortran_st_write’, possibly from ‘write’ (Fortran), ‘print’
     (Fortran)
     Objects: ‘DPdensityreg.o’, ‘LDBDPdensity.o’, ‘LDDPdensity.o’,
     ‘LDDPsurvival.o’, ‘LDPDdoublyintsba.o’, ‘LDTFPdensity.o’,
     ‘LDTFPglmmpois.o’, ‘LDTFPsurvival.o’, ‘PSgamgam.o’,
     ‘PSgamgauss.o’, ‘PSgamlogit.o’, ‘PSgampois.o’, ‘PSgamprob.o’
    
    Compiled code should not call entry points which might terminate R nor
    write to stdout/stderr instead of to the console, nor the system RNG.
    
    See ‘Writing portable packages’ in the ‘Writing R Extensions’ manual.
Flavors: r-release-osx-x86_64, r-oldrel-osx-x86_64