Last updated on 2017-09-26 01:47:16.
Flavor | Version | Tinstall | Tcheck | Ttotal | Status | Flags |
---|---|---|---|---|---|---|
r-devel-linux-x86_64-debian-clang | 1.0.17 | 2.01 | 31.44 | 33.45 | NOTE | |
r-devel-linux-x86_64-debian-gcc | 1.0.17 | 1.77 | 32.60 | 34.37 | NOTE | |
r-devel-linux-x86_64-fedora-clang | 1.0.17 | 65.08 | NOTE | |||
r-devel-linux-x86_64-fedora-gcc | 1.0.17 | 59.24 | NOTE | |||
r-devel-windows-ix86+x86_64 | 1.0.17 | 6.00 | 60.00 | 66.00 | NOTE | |
r-patched-linux-x86_64 | 1.0.17 | 1.98 | 31.78 | 33.75 | NOTE | |
r-patched-solaris-x86 | 1.0.17 | 79.40 | NOTE | |||
r-release-linux-x86_64 | 1.0.17 | 1.88 | 34.33 | 36.21 | NOTE | |
r-release-windows-ix86+x86_64 | 1.0.17 | 6.00 | 61.00 | 67.00 | NOTE | |
r-release-osx-x86_64 | 1.0.17 | NOTE | ||||
r-oldrel-windows-ix86+x86_64 | 1.0.17 | 6.00 | 60.00 | 66.00 | OK | |
r-oldrel-osx-x86_64 | 1.0.17 | OK |
Version: 1.0.17
Check: DESCRIPTION meta-information
Result: NOTE
BugReports field should be the URL of a single webpage
Flavors: r-devel-linux-x86_64-debian-clang, r-devel-linux-x86_64-debian-gcc, r-devel-linux-x86_64-fedora-clang, r-devel-linux-x86_64-fedora-gcc, r-devel-windows-ix86+x86_64, r-patched-linux-x86_64, r-patched-solaris-x86, r-release-linux-x86_64, r-release-windows-ix86+x86_64, r-release-osx-x86_64