CRAN Package Check Results for Package EGRET

Last updated on 2017-09-26 01:47:17.

Flavor Version Tinstall Tcheck Ttotal Status Flags
r-devel-linux-x86_64-debian-clang 2.6.0 5.59 138.80 144.39 OK
r-devel-linux-x86_64-debian-gcc 2.6.0 5.42 137.42 142.84 OK
r-devel-linux-x86_64-fedora-clang 2.6.0 320.31 OK
r-devel-linux-x86_64-fedora-gcc 2.6.0 279.92 OK
r-devel-windows-ix86+x86_64 2.6.0 17.00 217.00 234.00 OK
r-patched-linux-x86_64 2.6.0 5.85 137.35 143.20 OK
r-patched-solaris-x86 2.6.0 356.70 OK
r-release-linux-x86_64 2.6.0 5.54 137.10 142.64 OK
r-release-windows-ix86+x86_64 2.6.0 14.00 204.00 218.00 OK
r-release-osx-x86_64 2.6.0 WARN
r-oldrel-windows-ix86+x86_64 2.6.0 17.00 226.00 243.00 OK
r-oldrel-osx-x86_64 2.6.0 OK

Check Details

Version: 2.6.0
Check: re-building of vignette outputs
Result: WARN
    Error in re-building vignettes:
     ...
    Warning in engine$weave(file, quiet = quiet, encoding = enc) :
     Pandoc (>= 1.12.3) and/or pandoc-citeproc not available. Falling back to R Markdown v1.
    Warning: running command 'kpsewhich framed.sty' had status 1
    Warning in test_latex_pkg("framed", system.file("misc", "framed.sty", package = "knitr")) :
     unable to find LaTeX package 'framed'; will use a copy from knitr
    Error in texi2dvi(file = file, pdf = TRUE, clean = clean, quiet = quiet, :
     Running 'texi2dvi' on 'EGRET.tex' failed.
    LaTeX errors:
    ! LaTeX Error: File `authblk.sty' not found.
    
    Type X to quit or <RETURN> to proceed,
    or enter new name. (Default extension: sty)
    
    ! Emergency stop.
    <read *>
    
    l.66 \usepackage
     {subfig}^^M
    ! ==> Fatal error occurred, no output PDF file produced!
    Calls: buildVignettes -> texi2pdf -> texi2dvi
    Execution halted
Flavor: r-release-osx-x86_64