Last updated on 2017-09-26 01:47:17.
Flavor | Version | Tinstall | Tcheck | Ttotal | Status | Flags |
---|---|---|---|---|---|---|
r-devel-linux-x86_64-debian-clang | 2015.6.26 | 24.45 | 24.07 | 48.52 | OK | |
r-devel-linux-x86_64-debian-gcc | 2015.6.26 | 24.31 | 25.08 | 49.39 | OK | |
r-devel-linux-x86_64-fedora-clang | 2015.6.26 | 105.41 | NOTE | |||
r-devel-linux-x86_64-fedora-gcc | 2015.6.26 | 89.45 | NOTE | |||
r-devel-windows-ix86+x86_64 | 2015.6.26 | 49.00 | 44.00 | 93.00 | NOTE | |
r-patched-linux-x86_64 | 2015.6.26 | 23.97 | 24.07 | 48.04 | OK | |
r-patched-solaris-x86 | 2015.6.26 | 153.70 | NOTE | |||
r-release-linux-x86_64 | 2015.6.26 | 24.58 | 23.98 | 48.55 | OK | |
r-release-windows-ix86+x86_64 | 2015.6.26 | 40.00 | 46.00 | 86.00 | NOTE | |
r-release-osx-x86_64 | 2015.6.26 | NOTE | ||||
r-oldrel-windows-ix86+x86_64 | 2015.6.26 | 50.00 | 47.00 | 97.00 | NOTE | |
r-oldrel-osx-x86_64 | 2015.6.26 | NOTE |
Version: 2015.6.26
Check: installed package size
Result: NOTE
installed size is 11.7Mb
sub-directories of 1Mb or more:
data 11.5Mb
Flavors: r-devel-linux-x86_64-fedora-clang, r-devel-linux-x86_64-fedora-gcc, r-devel-windows-ix86+x86_64, r-patched-solaris-x86, r-release-windows-ix86+x86_64, r-release-osx-x86_64, r-oldrel-windows-ix86+x86_64, r-oldrel-osx-x86_64