Last updated on 2017-09-26 01:47:20.
Flavor | Version | Tinstall | Tcheck | Ttotal | Status | Flags |
---|---|---|---|---|---|---|
r-devel-linux-x86_64-debian-clang | 2.2.1 | 55.86 | 57.92 | 113.79 | NOTE | |
r-devel-linux-x86_64-debian-gcc | 2.2.1 | 44.39 | 59.32 | 103.71 | NOTE | |
r-devel-linux-x86_64-fedora-clang | 2.2.1 | 241.34 | NOTE | |||
r-devel-linux-x86_64-fedora-gcc | 2.2.1 | 216.27 | NOTE | |||
r-devel-windows-ix86+x86_64 | 2.2.1 | 106.00 | 129.00 | 235.00 | OK | |
r-patched-linux-x86_64 | 2.2.1 | 44.20 | 59.20 | 103.41 | NOTE | |
r-patched-solaris-x86 | 2.2.1 | 239.20 | OK | |||
r-release-linux-x86_64 | 2.2.1 | 43.39 | 61.54 | 104.92 | NOTE | |
r-release-windows-ix86+x86_64 | 2.2.1 | 116.00 | 128.00 | 244.00 | OK | |
r-release-osx-x86_64 | 2.2.1 | OK | ||||
r-oldrel-windows-ix86+x86_64 | 2.2.1 | 113.00 | 133.00 | 246.00 | OK | |
r-oldrel-osx-x86_64 | 2.2.1 | OK |
Version: 2.2.1
Check: compiled code
Result: NOTE
File ‘FRESA.CAD/libs/FRESA.CAD.so’:
Found no calls to: ‘R_registerRoutines’, ‘R_useDynamicSymbols’
It is good practice to register native routines and to disable symbol
search.
See ‘Writing portable packages’ in the ‘Writing R Extensions’ manual.
Flavors: r-devel-linux-x86_64-debian-clang, r-devel-linux-x86_64-debian-gcc, r-devel-linux-x86_64-fedora-clang, r-devel-linux-x86_64-fedora-gcc, r-patched-linux-x86_64, r-release-linux-x86_64
Version: 2.2.1
Check: installed package size
Result: NOTE
installed size is 5.2Mb
sub-directories of 1Mb or more:
libs 4.8Mb
Flavors: r-devel-linux-x86_64-fedora-clang, r-devel-linux-x86_64-fedora-gcc