CRAN Package Check Results for Package GFD

Last updated on 2017-09-26 01:47:21.

Flavor Version Tinstall Tcheck Ttotal Status Flags
r-devel-linux-x86_64-debian-clang 0.2.4 0.58 28.51 29.09 OK
r-devel-linux-x86_64-debian-gcc 0.2.4 0.63 27.35 27.98 OK
r-devel-linux-x86_64-fedora-clang 0.2.4 57.72 OK
r-devel-linux-x86_64-fedora-gcc 0.2.4 53.83 OK
r-devel-windows-ix86+x86_64 0.2.4 2.00 52.00 54.00 OK
r-patched-linux-x86_64 0.2.4 0.72 27.73 28.45 OK
r-patched-solaris-x86 0.2.4 71.00 OK
r-release-linux-x86_64 0.2.4 0.61 30.43 31.04 OK
r-release-windows-ix86+x86_64 0.2.4 3.00 55.00 58.00 OK
r-release-osx-x86_64 0.2.4 WARN
r-oldrel-windows-ix86+x86_64 0.2.4 5.00 48.00 53.00 OK
r-oldrel-osx-x86_64 0.2.4 OK

Check Details

Version: 0.2.4
Check: package dependencies
Result: NOTE
    Package suggested but not available for checking: ‘RGtk2’
Flavor: r-release-osx-x86_64

Version: 0.2.4
Check: re-building of vignette outputs
Result: WARN
    Error in re-building vignettes:
     ...
    Warning in engine$weave(file, quiet = quiet, encoding = enc) :
     Pandoc (>= 1.12.3) and/or pandoc-citeproc not available. Falling back to R Markdown v1.
    Quitting from lines 105-106 (IntroductionToGFD.Rmd)
    Error: processing vignette 'IntroductionToGFD.Rmd' failed with diagnostics:
    there is no package called 'RGtk2'
    Execution halted
Flavor: r-release-osx-x86_64