CRAN Package Check Results for Package GWLelast

Last updated on 2017-09-26 01:47:22.

Flavor Version Tinstall Tcheck Ttotal Status Flags
r-devel-linux-x86_64-debian-clang 1.1 2.57 30.89 33.46 NOTE
r-devel-linux-x86_64-debian-gcc 1.1 2.58 30.41 32.99 NOTE
r-devel-linux-x86_64-fedora-clang 1.1 72.99 NOTE
r-devel-linux-x86_64-fedora-gcc 1.1 73.28 NOTE
r-devel-windows-ix86+x86_64 1.1 7.00 54.00 61.00 NOTE
r-patched-linux-x86_64 1.1 2.98 31.58 34.55 NOTE
r-patched-solaris-x86 1.1 99.70 NOTE
r-release-linux-x86_64 1.1 2.63 31.15 33.78 NOTE
r-release-windows-ix86+x86_64 1.1 2.00 4.00 6.00 NOTE
r-release-osx-x86_64 1.1 NOTE
r-oldrel-windows-ix86+x86_64 1.1 9.00 57.00 66.00 NOTE
r-oldrel-osx-x86_64 1.1 NOTE

Check Details

Version: 1.1
Check: R code for possible problems
Result: NOTE
    GWLelast.est: no visible global function definition for ‘dist’
    GWLelast.inner: no visible global function definition for ‘predict’
    GWLelast.inner.parallel: no visible global function definition for
     ‘predict’
    GWLelast.sel.bw: no visible global function definition for ‘dist’
    GWLelast.sel.bw: no visible global function definition for ‘optimize’
    Undefined global functions or variables:
     dist optimize predict
    Consider adding
     importFrom("stats", "dist", "optimize", "predict")
    to your NAMESPACE file.
Flavors: r-devel-linux-x86_64-debian-clang, r-devel-linux-x86_64-debian-gcc, r-devel-linux-x86_64-fedora-clang, r-devel-linux-x86_64-fedora-gcc, r-devel-windows-ix86+x86_64, r-patched-linux-x86_64, r-patched-solaris-x86, r-release-linux-x86_64, r-release-windows-ix86+x86_64, r-release-osx-x86_64, r-oldrel-windows-ix86+x86_64, r-oldrel-osx-x86_64