Last updated on 2017-09-26 01:47:22.
Flavor | Version | Tinstall | Tcheck | Ttotal | Status | Flags |
---|---|---|---|---|---|---|
r-devel-linux-x86_64-debian-clang | 3.1-34 | 6.67 | 142.54 | 149.21 | OK | |
r-devel-linux-x86_64-debian-gcc | 3.1-34 | 6.77 | 142.19 | 148.96 | OK | |
r-devel-linux-x86_64-fedora-clang | 3.1-34 | 306.01 | OK | |||
r-devel-linux-x86_64-fedora-gcc | 3.1-34 | 302.50 | OK | |||
r-devel-windows-ix86+x86_64 | 3.1-34 | 20.00 | 220.00 | 240.00 | OK | |
r-patched-linux-x86_64 | 3.1-34 | 7.06 | 144.63 | 151.69 | OK | |
r-patched-solaris-x86 | 3.1-34 | 366.50 | OK | |||
r-release-linux-x86_64 | 3.1-34 | 6.72 | 149.82 | 156.54 | OK | |
r-release-windows-ix86+x86_64 | 3.1-34 | 18.00 | 224.00 | 242.00 | OK | |
r-release-osx-x86_64 | 3.1-34 | NOTE | ||||
r-oldrel-windows-ix86+x86_64 | 3.1-34 | 19.00 | 232.00 | 251.00 | OK | |
r-oldrel-osx-x86_64 | 3.1-34 | OK |
Version: 3.1-34
Check: package dependencies
Result: NOTE
Package suggested but not available for checking: ‘RcmdrPlugin.HH’
Flavor: r-release-osx-x86_64