CRAN Package Check Results for Package HTSSIP

Last updated on 2017-09-26 01:47:23.

Flavor Version Tinstall Tcheck Ttotal Status Flags
r-devel-linux-x86_64-debian-clang 1.2.0 6.01 1564.04 1570.05 OK
r-devel-linux-x86_64-debian-gcc 1.2.0 6.12 1529.76 1535.89 OK
r-devel-linux-x86_64-fedora-clang 1.2.0 4731.28 OK
r-devel-linux-x86_64-fedora-gcc 1.2.0 4836.09 OK
r-devel-windows-ix86+x86_64 1.2.0 12.00 591.00 603.00 OK --no-vignettes
r-patched-linux-x86_64 1.2.0 5.97 419.40 425.37 OK
r-patched-solaris-x86 1.2.0 1437.60 NOTE
r-release-linux-x86_64 1.2.0 6.47 421.93 428.40 OK
r-release-windows-ix86+x86_64 1.2.0 15.00 299.00 314.00 OK --no-vignettes
r-release-osx-x86_64 1.2.0 ERROR
r-oldrel-windows-ix86+x86_64 1.2.0 17.00 235.00 252.00 OK --no-vignettes
r-oldrel-osx-x86_64 1.2.0 OK

Check Details

Version: 1.2.0
Check: installed package size
Result: NOTE
     installed size is 5.2Mb
     sub-directories of 1Mb or more:
     data 4.1Mb
Flavor: r-patched-solaris-x86

Version: 1.2.0
Check: package dependencies
Result: ERROR
    Packages required but not available: ‘DESeq2’ ‘phyloseq’
    
    See section ‘The DESCRIPTION file’ in the ‘Writing R Extensions’
    manual.
Flavor: r-release-osx-x86_64