CRAN Package Check Results for Package HiDimMaxStable

Last updated on 2017-09-26 01:47:22.

Flavor Version Tinstall Tcheck Ttotal Status Flags
r-devel-linux-x86_64-debian-clang 0.1.1 3.81 47.44 51.25 NOTE
r-devel-linux-x86_64-debian-gcc 0.1.1 3.56 48.36 51.92 NOTE
r-devel-linux-x86_64-fedora-clang 0.1.1 117.98 NOTE
r-devel-linux-x86_64-fedora-gcc 0.1.1 112.04 NOTE
r-devel-windows-ix86+x86_64 0.1.1 9.00 81.00 90.00 NOTE
r-patched-linux-x86_64 0.1.1 3.59 47.10 50.69 NOTE
r-patched-solaris-x86 0.1.1 161.70 NOTE
r-release-linux-x86_64 0.1.1 3.64 48.00 51.64 NOTE
r-release-windows-ix86+x86_64 0.1.1 11.00 76.00 87.00 NOTE
r-release-osx-x86_64 0.1.1 NOTE
r-oldrel-windows-ix86+x86_64 0.1.1 13.00 78.00 91.00 NOTE
r-oldrel-osx-x86_64 0.1.1 NOTE

Check Details

Version: 0.1.1
Check: R code for possible problems
Result: NOTE
    build.clusters.spatial: no visible global function definition for
     ‘kmeans’
    build.clusters.spatial: no visible global function definition for
     ‘points’
    mubz.copula: no visible global function definition for ‘integrate’
    perspcolor: no visible global function definition for ‘terrain.colors’
    rCMS: no visible global function definition for ‘runif’
    rSchlatherExcess: no visible global function definition for ‘runif’
    simul.maxlik.maxstable: no visible global function definition for
     ‘runif’
    Undefined global functions or variables:
     integrate kmeans points runif terrain.colors
    Consider adding
     importFrom("grDevices", "terrain.colors")
     importFrom("graphics", "points")
     importFrom("stats", "integrate", "kmeans", "runif")
    to your NAMESPACE file.
Flavors: r-devel-linux-x86_64-debian-clang, r-devel-linux-x86_64-debian-gcc, r-devel-linux-x86_64-fedora-clang, r-devel-linux-x86_64-fedora-gcc, r-devel-windows-ix86+x86_64, r-patched-linux-x86_64, r-patched-solaris-x86, r-release-linux-x86_64, r-release-windows-ix86+x86_64, r-release-osx-x86_64, r-oldrel-windows-ix86+x86_64, r-oldrel-osx-x86_64

Version: 0.1.1
Check: dependencies in R code
Result: NOTE
    Invalid MIT-MAGIC-COOKIE-1 key
Flavor: r-oldrel-osx-x86_64