Last updated on 2017-09-26 01:47:22.
Flavor | Version | Tinstall | Tcheck | Ttotal | Status | Flags |
---|---|---|---|---|---|---|
r-devel-linux-x86_64-debian-clang | 4.0-3 | 7.63 | 164.16 | 171.78 | NOTE | |
r-devel-linux-x86_64-debian-gcc | 4.0-3 | 8.40 | 165.82 | 174.22 | NOTE | |
r-devel-linux-x86_64-fedora-clang | 4.0-3 | 339.47 | NOTE | |||
r-devel-linux-x86_64-fedora-gcc | 4.0-3 | 327.85 | NOTE | |||
r-devel-windows-ix86+x86_64 | 4.0-3 | 33.00 | 301.00 | 334.00 | OK | |
r-patched-linux-x86_64 | 4.0-3 | 7.71 | 162.46 | 170.16 | NOTE | |
r-patched-solaris-x86 | 4.0-3 | 381.50 | NOTE | |||
r-release-linux-x86_64 | 4.0-3 | 7.86 | 165.45 | 173.31 | NOTE | |
r-release-windows-ix86+x86_64 | 4.0-3 | 29.00 | 284.00 | 313.00 | OK | |
r-release-osx-x86_64 | 4.0-3 | OK | ||||
r-oldrel-windows-ix86+x86_64 | 4.0-3 | 31.00 | 275.00 | 306.00 | OK | |
r-oldrel-osx-x86_64 | 4.0-3 | OK |
Version: 4.0-3
Check: S3 generic/method consistency
Result: NOTE
Found the following apparent S3 methods exported but not registered:
[.Cbind [.describe [.discrete [.impute [.mChoice [.pBlock [.roundN
[.special.miss [.substi [.summary.formula.response [.transcan
[.ynbind [<-.discrete [[.discrete
See section ‘Registering S3 methods’ in the ‘Writing R Extensions’
manual.
Flavors: r-devel-linux-x86_64-debian-clang, r-devel-linux-x86_64-debian-gcc, r-devel-linux-x86_64-fedora-clang, r-devel-linux-x86_64-fedora-gcc, r-patched-linux-x86_64, r-patched-solaris-x86, r-release-linux-x86_64