CRAN Package Check Results for Package HotDeckImputation

Last updated on 2017-09-26 01:47:22.

Flavor Version Tinstall Tcheck Ttotal Status Flags
r-devel-linux-x86_64-debian-clang 1.1.0 2.07 12.88 14.95 NOTE
r-devel-linux-x86_64-debian-gcc 1.1.0 1.74 13.06 14.81 NOTE
r-devel-linux-x86_64-fedora-clang 1.1.0 25.05 NOTE
r-devel-linux-x86_64-fedora-gcc 1.1.0 23.74 NOTE
r-devel-windows-ix86+x86_64 1.1.0 16.00 32.00 48.00 OK
r-patched-linux-x86_64 1.1.0 1.78 12.97 14.75 NOTE
r-patched-solaris-x86 1.1.0 35.50 OK
r-release-linux-x86_64 1.1.0 1.81 13.17 14.98 NOTE
r-release-windows-ix86+x86_64 1.1.0 11.00 33.00 44.00 OK
r-release-osx-x86_64 1.1.0 ERROR
r-oldrel-windows-ix86+x86_64 1.1.0 11.00 47.00 58.00 OK
r-oldrel-osx-x86_64 1.1.0 OK

Check Details

Version: 1.1.0
Check: compiled code
Result: NOTE
    File ‘HotDeckImputation/libs/HotDeckImputation.so’:
     Found no calls to: ‘R_registerRoutines’, ‘R_useDynamicSymbols’
    
    It is good practice to register native routines and to disable symbol
    search.
    
    See ‘Writing portable packages’ in the ‘Writing R Extensions’ manual.
Flavors: r-devel-linux-x86_64-debian-clang, r-devel-linux-x86_64-debian-gcc, r-devel-linux-x86_64-fedora-clang, r-devel-linux-x86_64-fedora-gcc, r-patched-linux-x86_64, r-release-linux-x86_64

Version: 1.1.0
Check: package dependencies
Result: ERROR
    Package required but not available: ‘Rglpk’
    
    See section ‘The DESCRIPTION file’ in the ‘Writing R Extensions’
    manual.
Flavor: r-release-osx-x86_64