CRAN Package Check Results for Package IAPWS95

Last updated on 2017-09-26 01:47:23.

Flavor Version Tinstall Tcheck Ttotal Status Flags
r-devel-linux-x86_64-debian-clang 1.0.0 4.88 23.91 28.79 NOTE
r-devel-linux-x86_64-debian-gcc 1.0.0 4.90 23.61 28.51 NOTE
r-devel-linux-x86_64-fedora-clang 1.0.0 51.94 NOTE
r-devel-linux-x86_64-fedora-gcc 1.0.0 49.99 NOTE
r-devel-windows-ix86+x86_64 1.0.0 20.00 54.00 74.00 OK
r-patched-linux-x86_64 1.0.0 4.88 24.05 28.93 NOTE
r-patched-solaris-x86 1.0.0 1902.70 ERROR
r-release-linux-x86_64 1.0.0 4.87 23.42 28.29 NOTE
r-release-windows-ix86+x86_64 1.0.0 21.00 50.00 71.00 OK
r-release-osx-x86_64 1.0.0 NOTE
r-oldrel-windows-ix86+x86_64 1.0.0 24.00 50.00 74.00 OK
r-oldrel-osx-x86_64 1.0.0 NOTE

Additional issues

valgrind

Check Details

Version: 1.0.0
Check: compiled code
Result: NOTE
    File ‘IAPWS95/libs/IAPWS95.so’:
     Found no calls to: ‘R_registerRoutines’, ‘R_useDynamicSymbols’
    
    It is good practice to register native routines and to disable symbol
    search.
    
    See ‘Writing portable packages’ in the ‘Writing R Extensions’ manual.
Flavors: r-devel-linux-x86_64-debian-clang, r-devel-linux-x86_64-debian-gcc, r-devel-linux-x86_64-fedora-clang, r-devel-linux-x86_64-fedora-gcc, r-patched-linux-x86_64, r-release-linux-x86_64

Version: 1.0.0
Check: dependencies in R code
Result: NOTE
    Namespaces in Imports field not imported from:
     ‘Rcpp’ ‘ggplot2’ ‘pander’
     All declared Imports should be used.
Flavors: r-devel-linux-x86_64-fedora-clang, r-devel-linux-x86_64-fedora-gcc, r-patched-solaris-x86, r-release-osx-x86_64, r-oldrel-osx-x86_64

Version: 1.0.0
Check: data for non-ASCII characters
Result: NOTE
     Note: found 3 marked UTF-8 strings
Flavors: r-devel-linux-x86_64-fedora-clang, r-devel-linux-x86_64-fedora-gcc, r-patched-solaris-x86, r-release-osx-x86_64, r-oldrel-osx-x86_64

Version: 1.0.0
Check: examples
Result: ERROR
    Running examples in ‘IAPWS95-Ex.R’ failed
    The error most likely occurred in:
    
    > ### Name: TDh
    > ### Title: Temperature, Function of Density and Enthalpy
    > ### Aliases: TDh
    >
    > ### ** Examples
    >
    > D <- 838.025
    > h <- 977.181624
    > TDh(D,h)
Flavor: r-patched-solaris-x86