Last updated on 2017-09-26 01:47:24.
Flavor | Version | Tinstall | Tcheck | Ttotal | Status | Flags |
---|---|---|---|---|---|---|
r-devel-linux-x86_64-debian-clang | 0.80.1 | 3.64 | 41.48 | 45.12 | OK | |
r-devel-linux-x86_64-debian-gcc | 0.80.1 | 3.58 | 38.98 | 42.56 | OK | |
r-devel-linux-x86_64-fedora-clang | 0.80.1 | 81.73 | NOTE | |||
r-devel-linux-x86_64-fedora-gcc | 0.80.1 | 78.54 | NOTE | |||
r-devel-windows-ix86+x86_64 | 0.80.1 | 10.00 | 72.00 | 82.00 | NOTE | |
r-patched-linux-x86_64 | 0.80.1 | 3.64 | 39.10 | 42.74 | OK | |
r-patched-solaris-x86 | 0.80.1 | 102.90 | NOTE | |||
r-release-linux-x86_64 | 0.80.1 | 3.61 | 38.77 | 42.38 | OK | |
r-release-windows-ix86+x86_64 | 0.80.1 | 10.00 | 75.00 | 85.00 | NOTE | |
r-release-osx-x86_64 | 0.80.1 | NOTE | ||||
r-oldrel-windows-ix86+x86_64 | 0.80.1 | 12.00 | 71.00 | 83.00 | NOTE | |
r-oldrel-osx-x86_64 | 0.80.1 | NOTE |
Version: 0.80.1
Check: installed package size
Result: NOTE
installed size is 6.4Mb
sub-directories of 1Mb or more:
java 6.0Mb
Flavors: r-devel-linux-x86_64-fedora-clang, r-devel-linux-x86_64-fedora-gcc, r-devel-windows-ix86+x86_64, r-patched-solaris-x86, r-release-windows-ix86+x86_64, r-release-osx-x86_64, r-oldrel-windows-ix86+x86_64, r-oldrel-osx-x86_64