Last updated on 2017-09-26 01:47:24.
Flavor | Version | Tinstall | Tcheck | Ttotal | Status | Flags |
---|---|---|---|---|---|---|
r-devel-linux-x86_64-debian-clang | 0.0-17 | 19.13 | 48.69 | 67.83 | OK | |
r-devel-linux-x86_64-debian-gcc | 0.0-17 | 17.08 | 47.67 | 64.74 | OK | |
r-devel-linux-x86_64-fedora-clang | 0.0-17 | 143.13 | OK | |||
r-devel-linux-x86_64-fedora-gcc | 0.0-17 | 138.03 | OK | |||
r-devel-windows-ix86+x86_64 | 0.0-17 | 53.00 | 108.00 | 161.00 | OK | |
r-patched-linux-x86_64 | 0.0-17 | 17.05 | 48.29 | 65.34 | OK | |
r-patched-solaris-x86 | 0.0-17 | 171.00 | OK | |||
r-release-linux-x86_64 | 0.0-17 | 16.94 | 48.39 | 65.33 | OK | |
r-release-windows-ix86+x86_64 | 0.0-17 | 48.00 | 106.00 | 154.00 | OK | |
r-release-osx-x86_64 | 0.0-17 | OK | ||||
r-oldrel-windows-ix86+x86_64 | 0.0-17 | 50.00 | 111.00 | 161.00 | ERROR | |
r-oldrel-osx-x86_64 | 0.0-17 | OK |
Version: 0.0-17
Check: whether package can be installed
Result: ERROR
Installation failed.
Flavor: r-oldrel-windows-ix86+x86_64