Last updated on 2017-09-26 01:47:25.
Flavor | Version | Tinstall | Tcheck | Ttotal | Status | Flags |
---|---|---|---|---|---|---|
r-devel-linux-x86_64-debian-clang | 1.5 | 2.80 | 20.14 | 22.94 | NOTE | |
r-devel-linux-x86_64-debian-gcc | 1.5 | 2.10 | 19.68 | 21.78 | NOTE | |
r-devel-linux-x86_64-fedora-clang | 1.5 | 35.33 | NOTE | |||
r-devel-linux-x86_64-fedora-gcc | 1.5 | 34.06 | NOTE | |||
r-devel-windows-ix86+x86_64 | 1.5 | 19.00 | 57.00 | 76.00 | OK | |
r-patched-linux-x86_64 | 1.5 | 2.06 | 19.33 | 21.38 | NOTE | |
r-patched-solaris-x86 | 1.5 | 52.00 | OK | |||
r-release-linux-x86_64 | 1.5 | 2.05 | 19.14 | 21.19 | NOTE | |
r-release-windows-ix86+x86_64 | 1.5 | 16.00 | 50.00 | 66.00 | OK | |
r-release-osx-x86_64 | 1.5 | OK | ||||
r-oldrel-windows-ix86+x86_64 | 1.5 | 24.00 | 51.00 | 75.00 | OK | |
r-oldrel-osx-x86_64 | 1.5 | OK |
Version: 1.5
Check: compiled code
Result: NOTE
File ‘Libra/libs/Libra.so’:
Found no calls to: ‘R_registerRoutines’, ‘R_useDynamicSymbols’
It is good practice to register native routines and to disable symbol
search.
See ‘Writing portable packages’ in the ‘Writing R Extensions’ manual.
Flavors: r-devel-linux-x86_64-debian-clang, r-devel-linux-x86_64-debian-gcc, r-devel-linux-x86_64-fedora-clang, r-devel-linux-x86_64-fedora-gcc, r-patched-linux-x86_64, r-release-linux-x86_64