Last updated on 2017-09-26 01:47:26.
Flavor | Version | Tinstall | Tcheck | Ttotal | Status | Flags |
---|---|---|---|---|---|---|
r-devel-linux-x86_64-debian-clang | 1.1.2 | 97.03 | 49.78 | 146.80 | OK | |
r-devel-linux-x86_64-debian-gcc | 1.1.2 | 73.99 | 49.76 | 123.75 | OK | |
r-devel-linux-x86_64-fedora-clang | 1.1.2 | 256.30 | NOTE | |||
r-devel-linux-x86_64-fedora-gcc | 1.1.2 | 233.08 | NOTE | |||
r-devel-windows-ix86+x86_64 | 1.1.2 | 180.00 | 101.00 | 281.00 | OK | |
r-patched-linux-x86_64 | 1.1.2 | 72.53 | 48.32 | 120.84 | OK | |
r-patched-solaris-x86 | 1.1.2 | 211.60 | OK | |||
r-release-linux-x86_64 | 1.1.2 | 72.16 | 48.76 | 120.92 | OK | |
r-release-windows-ix86+x86_64 | 1.1.2 | 193.00 | 114.00 | 307.00 | OK | |
r-release-osx-x86_64 | 1.1.2 | NOTE | ||||
r-oldrel-windows-ix86+x86_64 | 1.1.2 | 248.00 | 102.00 | 350.00 | OK | |
r-oldrel-osx-x86_64 | 1.1.2 | NOTE |
Version: 1.1.2
Check: installed package size
Result: NOTE
installed size is 15.8Mb
sub-directories of 1Mb or more:
libs 15.1Mb
Flavors: r-devel-linux-x86_64-fedora-clang, r-devel-linux-x86_64-fedora-gcc, r-release-osx-x86_64, r-oldrel-osx-x86_64