Last updated on 2017-09-26 01:47:28.
Flavor | Version | Tinstall | Tcheck | Ttotal | Status | Flags |
---|---|---|---|---|---|---|
r-devel-linux-x86_64-debian-clang | 1.0.0 | 1.21 | 82.27 | 83.48 | OK | |
r-devel-linux-x86_64-debian-gcc | 1.0.0 | 1.23 | 80.32 | 81.56 | OK | |
r-devel-linux-x86_64-fedora-clang | 1.0.0 | 160.59 | OK | |||
r-devel-linux-x86_64-fedora-gcc | 1.0.0 | 152.51 | OK | |||
r-devel-windows-ix86+x86_64 | 1.0.0 | 7.00 | 145.00 | 152.00 | OK | |
r-patched-linux-x86_64 | 1.0.0 | 1.24 | 80.33 | 81.57 | OK | |
r-patched-solaris-x86 | 1.0.0 | 180.00 | OK | |||
r-release-linux-x86_64 | 1.0.0 | 1.31 | 79.48 | 80.80 | OK | |
r-release-windows-ix86+x86_64 | 1.0.0 | 5.00 | 141.00 | 146.00 | OK | |
r-release-osx-x86_64 | 1.0.0 | OK | ||||
r-oldrel-windows-ix86+x86_64 | 0.2.1 | 4.00 | 32.00 | 36.00 | OK | |
r-oldrel-osx-x86_64 | 1.0.0 | ERROR |
Version: 1.0.0
Check: whether package can be installed
Result: ERROR
Installation failed.
Flavor: r-oldrel-osx-x86_64