Last updated on 2017-09-26 01:47:30.
Flavor | Version | Tinstall | Tcheck | Ttotal | Status | Flags |
---|---|---|---|---|---|---|
r-devel-linux-x86_64-debian-clang | 3.0.0 | 2.78 | 78.40 | 81.17 | OK | |
r-devel-linux-x86_64-debian-gcc | 3.0.0 | 2.70 | 71.82 | 74.52 | OK | |
r-devel-linux-x86_64-fedora-clang | 3.0.0 | 147.91 | OK | |||
r-devel-linux-x86_64-fedora-gcc | 3.0.0 | 143.42 | OK | |||
r-devel-windows-ix86+x86_64 | 3.0.0 | 7.00 | 119.00 | 126.00 | OK | |
r-patched-linux-x86_64 | 3.0.0 | 2.60 | 69.52 | 72.12 | OK | |
r-patched-solaris-x86 | 3.0.0 | 164.40 | OK | |||
r-release-linux-x86_64 | 3.0.0 | 2.75 | 77.49 | 80.24 | OK | |
r-release-windows-ix86+x86_64 | 3.0.0 | 6.00 | 111.00 | 117.00 | OK | |
r-release-osx-x86_64 | 3.0.0 | OK | ||||
r-oldrel-windows-ix86+x86_64 | 2.0.1 | 8.00 | 133.00 | 141.00 | OK | |
r-oldrel-osx-x86_64 | 3.0.0 | ERROR |
Version: 3.0.0
Check: whether package can be installed
Result: ERROR
Installation failed.
Flavor: r-oldrel-osx-x86_64