Last updated on 2017-09-26 01:47:31.
Flavor | Version | Tinstall | Tcheck | Ttotal | Status | Flags |
---|---|---|---|---|---|---|
r-devel-linux-x86_64-debian-clang | 0.2.3.2 | 3.35 | 67.65 | 71.00 | OK | |
r-devel-linux-x86_64-debian-gcc | 0.2.3.2 | 2.71 | 66.77 | 69.48 | OK | |
r-devel-linux-x86_64-fedora-clang | 0.2.3.2 | 154.46 | OK | |||
r-devel-linux-x86_64-fedora-gcc | 0.2.3.2 | 145.99 | OK | |||
r-devel-windows-ix86+x86_64 | 0.2.3.2 | 11.00 | 136.00 | 147.00 | OK | |
r-patched-linux-x86_64 | 0.2.3.2 | 2.32 | 67.33 | 69.64 | OK | |
r-patched-solaris-x86 | 0.2.3.2 | 131.80 | WARN | |||
r-release-linux-x86_64 | 0.2.3.2 | 2.45 | 66.12 | 68.57 | OK | |
r-release-windows-ix86+x86_64 | 0.2.3.2 | 10.00 | 143.00 | 153.00 | OK | |
r-release-osx-x86_64 | 0.2.3.2 | OK | ||||
r-oldrel-windows-ix86+x86_64 | 0.2.3.2 | 9.00 | 131.00 | 140.00 | OK | |
r-oldrel-osx-x86_64 | 0.2.3.2 | OK |
Version: 0.2.3.2
Check: package dependencies
Result: NOTE
Package suggested but not available for checking: ‘microbenchmark’
Flavor: r-patched-solaris-x86
Version: 0.2.3.2
Check: re-building of vignette outputs
Result: WARN
Error in re-building vignettes:
...
Warning in engine$weave(file, quiet = quiet, encoding = enc) :
Pandoc (>= 1.12.3) and/or pandoc-citeproc not available. Falling back to R Markdown v1.
Attaching package: 'XML'
The following object is masked from 'package:tools':
toHTML
ERROR: Duplicated records found in prim.key field
ERROR: NULL records found in prim.key field
OK: No duplicated records found in prim.key field
OK: No NULL records found in prim.key field
Quitting from lines 796-810 (Introduction.Rmd)
Error: processing vignette 'Introduction.Rmd' failed with diagnostics:
there is no package called 'microbenchmark'
Execution halted
Flavor: r-patched-solaris-x86