CRAN Package Check Results for Package PortfolioEffectHFT

Last updated on 2017-09-26 01:47:43.

Flavor Version Tinstall Tcheck Ttotal Status Flags
r-devel-linux-x86_64-debian-clang 1.8 6.10 41.69 47.79 OK
r-devel-linux-x86_64-debian-gcc 1.8 6.14 42.05 48.20 OK
r-devel-linux-x86_64-fedora-clang 1.8 89.68 NOTE
r-devel-linux-x86_64-fedora-gcc 1.8 89.92 NOTE
r-devel-windows-ix86+x86_64 1.8 16.00 74.00 90.00 NOTE
r-patched-linux-x86_64 1.8 6.63 41.91 48.54 OK
r-patched-solaris-x86 1.8 113.90 NOTE
r-release-linux-x86_64 1.8 6.26 43.39 49.65 OK
r-release-windows-ix86+x86_64 1.8 13.00 77.00 90.00 NOTE
r-release-osx-x86_64 1.8 WARN
r-oldrel-windows-ix86+x86_64 1.8 17.00 75.00 92.00 NOTE
r-oldrel-osx-x86_64 1.8 NOTE

Check Details

Version: 1.8
Check: installed package size
Result: NOTE
     installed size is 6.4Mb
     sub-directories of 1Mb or more:
     java 5.1Mb
Flavors: r-devel-linux-x86_64-fedora-clang, r-devel-linux-x86_64-fedora-gcc, r-devel-windows-ix86+x86_64, r-patched-solaris-x86, r-release-windows-ix86+x86_64, r-release-osx-x86_64, r-oldrel-windows-ix86+x86_64, r-oldrel-osx-x86_64

Version: 1.8
Check: re-building of vignette outputs
Result: WARN
    Error in re-building vignettes:
     ...
    Error in texi2dvi(file = file, pdf = TRUE, clean = clean, quiet = quiet, :
     Running 'texi2dvi' on 'PortfolioEffectHFT.tex' failed.
    LaTeX errors:
    ! LaTeX Error: File `titlesec.sty' not found.
    
    Type X to quit or <RETURN> to proceed,
    or enter new name. (Default extension: sty)
    
    ! Emergency stop.
    <read *>
    
    l.15 \usepackage
     {setspace}^^M
    ! ==> Fatal error occurred, no output PDF file produced!
    Calls: buildVignettes -> texi2pdf -> texi2dvi
    Execution halted
Flavor: r-release-osx-x86_64