Last updated on 2017-09-26 01:47:44.
Flavor | Version | Tinstall | Tcheck | Ttotal | Status | Flags |
---|---|---|---|---|---|---|
r-devel-linux-x86_64-debian-clang | 0.8 | 1.04 | 29.42 | 30.46 | OK | |
r-devel-linux-x86_64-debian-gcc | 0.8 | 1.15 | 29.22 | 30.37 | OK | |
r-devel-linux-x86_64-fedora-clang | 0.8 | 39.13 | OK | |||
r-devel-linux-x86_64-fedora-gcc | 0.8 | 37.36 | OK | |||
r-devel-windows-ix86+x86_64 | 0.8 | 9.00 | 58.00 | 67.00 | OK | |
r-patched-linux-x86_64 | 0.8 | 1.04 | 29.50 | 30.54 | OK | |
r-patched-solaris-x86 | 0.8 | 48.30 | NOTE | |||
r-release-linux-x86_64 | 0.8 | 1.06 | 28.84 | 29.91 | OK | |
r-release-windows-ix86+x86_64 | 0.8 | 6.00 | 59.00 | 65.00 | OK | |
r-release-osx-x86_64 | 0.8 | OK | ||||
r-oldrel-windows-ix86+x86_64 | 0.8 | 7.00 | 59.00 | 66.00 | OK | |
r-oldrel-osx-x86_64 | 0.8 | NOTE |
Version: 0.8
Check: package dependencies
Result: NOTE
Package suggested but not available for checking: ‘RMySQL’
Flavor: r-patched-solaris-x86
Version: 0.8
Check: package dependencies
Result: NOTE
Package suggested but not available for checking: ‘RODBC’
Flavor: r-oldrel-osx-x86_64