CRAN Package Check Results for Package ProjectionBasedClustering

Last updated on 2017-09-26 01:47:44.

Flavor Version Tinstall Tcheck Ttotal Status Flags
r-devel-linux-x86_64-debian-clang 1.0.4 115.11 23.81 138.91 OK
r-devel-linux-x86_64-debian-gcc 1.0.4 87.52 23.56 111.08 OK
r-devel-linux-x86_64-fedora-clang 1.0.4 239.42 OK
r-devel-linux-x86_64-fedora-gcc 1.0.4 212.96 OK
r-devel-windows-ix86+x86_64 1.0.4 276.00 65.00 341.00 OK
r-patched-linux-x86_64 1.0.4 84.29 24.40 108.68 OK
r-patched-solaris-x86 1.0.4 100.90 ERROR
r-release-linux-x86_64 1.0.4 83.88 24.11 107.99 OK
r-release-windows-ix86+x86_64 1.0.4 277.00 67.00 344.00 OK
r-release-osx-x86_64 1.0.4 OK
r-oldrel-windows-ix86+x86_64 1.0.4 375.00 65.00 440.00 OK
r-oldrel-osx-x86_64 1.0.4 OK

Check Details

Version: 1.0.4
Check: whether package can be installed
Result: ERROR
    Installation failed.
Flavor: r-patched-solaris-x86