Last updated on 2017-09-26 01:47:45.
Flavor | Version | Tinstall | Tcheck | Ttotal | Status | Flags |
---|---|---|---|---|---|---|
r-devel-linux-x86_64-debian-clang | 0.7.15 | 1.06 | 42.24 | 43.30 | NOTE | |
r-devel-linux-x86_64-debian-gcc | 0.7.15 | 1.02 | 41.95 | 42.98 | NOTE | |
r-devel-linux-x86_64-fedora-clang | 0.7.15 | 67.92 | OK | |||
r-devel-linux-x86_64-fedora-gcc | 0.7.15 | 66.57 | OK | |||
r-devel-windows-ix86+x86_64 | 0.7.15 | 7.00 | 68.00 | 75.00 | OK | |
r-patched-linux-x86_64 | 0.7.15 | 1.12 | 43.49 | 44.61 | NOTE | |
r-patched-solaris-x86 | 0.7.15 | 73.60 | OK | |||
r-release-linux-x86_64 | 0.7.15 | 1.21 | 42.45 | 43.66 | NOTE | |
r-release-windows-ix86+x86_64 | 0.7.15 | 4.00 | 66.00 | 70.00 | OK | |
r-release-osx-x86_64 | 0.7.15 | OK | ||||
r-oldrel-windows-ix86+x86_64 | 0.7.15 | 5.00 | 58.00 | 63.00 | OK | |
r-oldrel-osx-x86_64 | 0.7.15 | OK |
Version: 0.7.15
Check: R code for possible problems
Result: NOTE
Found the following calls to attach():
File ‘R2admb/R/check_section.R’:
attach(R_list, name = "R_list", warn.conflicts = FALSE)
See section ‘Good practice’ in ‘?attach’.
Flavors: r-devel-linux-x86_64-debian-clang, r-devel-linux-x86_64-debian-gcc, r-patched-linux-x86_64, r-release-linux-x86_64