Last updated on 2017-09-26 01:47:45.
Flavor | Version | Tinstall | Tcheck | Ttotal | Status | Flags |
---|---|---|---|---|---|---|
r-devel-linux-x86_64-debian-clang | 2.2.2 | 0.89 | 45.12 | 46.01 | OK | |
r-devel-linux-x86_64-debian-gcc | 2.2.2 | 0.54 | 46.95 | 47.49 | OK | |
r-devel-linux-x86_64-fedora-clang | 2.2.2 | 79.33 | OK | |||
r-devel-linux-x86_64-fedora-gcc | 2.2.2 | 77.59 | OK | |||
r-devel-windows-ix86+x86_64 | 2.2.2 | 6.00 | 84.00 | 90.00 | OK | |
r-patched-linux-x86_64 | 2.2.2 | 0.81 | 47.37 | 48.17 | OK | |
r-patched-solaris-x86 | 2.2.2 | 47.90 | NOTE | |||
r-release-linux-x86_64 | 2.2.2 | 0.80 | 47.28 | 48.08 | OK | |
r-release-windows-ix86+x86_64 | 2.2.2 | 4.00 | 84.00 | 88.00 | OK | |
r-release-osx-x86_64 | 2.2.2 | OK | ||||
r-oldrel-windows-ix86+x86_64 | 2.2.2 | 6.00 | 82.00 | 88.00 | OK | |
r-oldrel-osx-x86_64 | 2.2.2 | OK |
Version: 2.2.2
Check: package dependencies
Result: NOTE
Package suggested but not available for checking: ‘microbenchmark’
Flavor: r-patched-solaris-x86