Last updated on 2017-09-26 01:47:47.
Flavor | Version | Tinstall | Tcheck | Ttotal | Status | Flags |
---|---|---|---|---|---|---|
r-devel-linux-x86_64-debian-clang | 0.2.3 | 1.54 | 19.92 | 21.45 | NOTE | |
r-devel-linux-x86_64-debian-gcc | 0.2.3 | 1.40 | 19.24 | 20.64 | NOTE | |
r-devel-linux-x86_64-fedora-clang | 0.2.3 | 39.01 | NOTE | |||
r-devel-linux-x86_64-fedora-gcc | 0.2.3 | 37.96 | NOTE | |||
r-devel-windows-ix86+x86_64 | 0.2.3 | 8.00 | 40.00 | 48.00 | NOTE | |
r-patched-linux-x86_64 | 0.2.3 | 1.62 | 19.47 | 21.09 | NOTE | |
r-patched-solaris-x86 | 0.2.3 | 54.20 | NOTE | |||
r-release-linux-x86_64 | 0.2.3 | 1.48 | 19.49 | 20.97 | NOTE | |
r-release-windows-ix86+x86_64 | 0.2.3 | 5.00 | 40.00 | 45.00 | NOTE | |
r-release-osx-x86_64 | 0.2.3 | NOTE | ||||
r-oldrel-windows-ix86+x86_64 | 0.2.3 | 7.00 | 40.00 | 47.00 | NOTE | |
r-oldrel-osx-x86_64 | 0.2.3 | NOTE |
Version: 0.2.3
Check: R code for possible problems
Result: NOTE
dbConnect,H2Driver: no visible global function definition for ‘.jgetEx’
dbSendQuery,H2Connection-character: no visible global function
definition for ‘.jfield’
Undefined global functions or variables:
.jfield .jgetEx
Flavors: r-devel-linux-x86_64-debian-clang, r-devel-linux-x86_64-debian-gcc, r-devel-linux-x86_64-fedora-clang, r-devel-linux-x86_64-fedora-gcc, r-devel-windows-ix86+x86_64, r-patched-linux-x86_64, r-patched-solaris-x86, r-release-linux-x86_64, r-release-windows-ix86+x86_64, r-release-osx-x86_64, r-oldrel-windows-ix86+x86_64, r-oldrel-osx-x86_64