CRAN Package Check Results for Package RadOnc

Last updated on 2017-09-26 01:47:45.

Flavor Version Tinstall Tcheck Ttotal Status Flags
r-devel-linux-x86_64-debian-clang 1.1.3 2.82 55.77 58.60 OK
r-devel-linux-x86_64-debian-gcc 1.1.3 2.73 53.57 56.30 OK
r-devel-linux-x86_64-fedora-clang 1.1.3 109.43 NOTE
r-devel-linux-x86_64-fedora-gcc 1.1.3 108.61 NOTE
r-devel-windows-ix86+x86_64 1.1.3 8.00 98.00 106.00 OK
r-patched-linux-x86_64 1.1.3 2.71 53.46 56.17 OK
r-patched-solaris-x86 1.1.3 131.00 NOTE
r-release-linux-x86_64 1.1.3 2.81 53.60 56.41 OK
r-release-windows-ix86+x86_64 1.1.3 9.00 105.00 114.00 OK
r-release-osx-x86_64 1.1.3 NOTE
r-oldrel-windows-ix86+x86_64 1.1.3 7.00 99.00 106.00 OK
r-oldrel-osx-x86_64 1.1.3 OK

Check Details

Version: 1.1.3
Check: installed package size
Result: NOTE
     installed size is 5.0Mb
     sub-directories of 1Mb or more:
     data 2.3Mb
     extdata 1.4Mb
Flavors: r-devel-linux-x86_64-fedora-clang, r-devel-linux-x86_64-fedora-gcc, r-patched-solaris-x86, r-release-osx-x86_64