Last updated on 2017-09-26 01:47:46.
Flavor | Version | Tinstall | Tcheck | Ttotal | Status | Flags |
---|---|---|---|---|---|---|
r-devel-linux-x86_64-debian-clang | 1.1-46 | 6.24 | 76.31 | 82.54 | OK | |
r-devel-linux-x86_64-debian-gcc | 1.1-46 | 6.23 | 76.03 | 82.25 | OK | |
r-devel-linux-x86_64-fedora-clang | 1.1-46 | 176.72 | OK | |||
r-devel-linux-x86_64-fedora-gcc | 1.1-46 | 176.37 | OK | |||
r-devel-windows-ix86+x86_64 | 1.1-46 | 45.00 | 132.00 | 177.00 | OK | |
r-patched-linux-x86_64 | 1.1-46 | 6.41 | 75.22 | 81.63 | OK | |
r-patched-solaris-x86 | 1.1-46 | 247.20 | OK | |||
r-release-linux-x86_64 | 1.1-46 | 6.52 | 75.92 | 82.44 | OK | |
r-release-windows-ix86+x86_64 | 1.1-46 | 46.00 | 124.00 | 170.00 | OK | |
r-release-osx-x86_64 | 1.1-46 | OK | ||||
r-oldrel-windows-ix86+x86_64 | 1.1-46 | 44.00 | 136.00 | 180.00 | OK | |
r-oldrel-osx-x86_64 | 1.1-46 | WARN |
Version: 1.1-46
Check: dependencies in R code
Result: NOTE
Invalid MIT-MAGIC-COOKIE-1 key
Flavor: r-oldrel-osx-x86_64
Version: 1.1-46
Check: S3 generic/method consistency
Result: WARN
Invalid MIT-MAGIC-COOKIE-1 key
See section ‘Generic functions and methods’ in the ‘Writing R
Extensions’ manual.
Flavor: r-oldrel-osx-x86_64
Version: 1.1-46
Check: replacement functions
Result: WARN
Invalid MIT-MAGIC-COOKIE-1 key
The argument of a replacement function which corresponds to the right
hand side must be named ‘value’.
Flavor: r-oldrel-osx-x86_64
Version: 1.1-46
Check: foreign function calls
Result: NOTE
Invalid MIT-MAGIC-COOKIE-1 key
See chapter ‘System and foreign language interfaces’ in the ‘Writing R
Extensions’ manual.
Flavor: r-oldrel-osx-x86_64
Version: 1.1-46
Check: R code for possible problems
Result: NOTE
Invalid MIT-MAGIC-COOKIE-1 key
Flavor: r-oldrel-osx-x86_64
Version: 1.1-46
Check: for missing documentation entries
Result: WARN
Invalid MIT-MAGIC-COOKIE-1 key
All user-level objects in a package should have documentation entries.
See chapter ‘Writing R documentation files’ in the ‘Writing R
Extensions’ manual.
Flavor: r-oldrel-osx-x86_64
Version: 1.1-46
Check: for code/documentation mismatches
Result: WARN
Invalid MIT-MAGIC-COOKIE-1 key
Invalid MIT-MAGIC-COOKIE-1 key
Invalid MIT-MAGIC-COOKIE-1 key
Flavor: r-oldrel-osx-x86_64
Version: 1.1-46
Check: Rd \usage sections
Result: NOTE
Invalid MIT-MAGIC-COOKIE-1 key
The \usage entries for S3 methods should use the \method markup and not
their full name.
See chapter ‘Writing R documentation files’ in the ‘Writing R
Extensions’ manual.
Flavor: r-oldrel-osx-x86_64