CRAN Package Check Results for Package RcppParallel

Last updated on 2017-09-26 01:47:46.

Flavor Version Tinstall Tcheck Ttotal Status Flags
r-devel-linux-x86_64-debian-clang 4.3.20 18.27 45.15 63.42 ERROR
r-devel-linux-x86_64-debian-gcc 4.3.20 27.85 38.14 65.99 NOTE
r-devel-linux-x86_64-fedora-clang 4.3.20 117.78 NOTE
r-devel-linux-x86_64-fedora-gcc 4.3.20 114.99 NOTE
r-devel-windows-ix86+x86_64 4.3.20 270.00 127.00 397.00 NOTE
r-patched-linux-x86_64 4.3.20 27.91 37.02 64.93 NOTE
r-patched-solaris-x86 4.3.20 110.60 NOTE
r-release-linux-x86_64 4.3.20 28.07 38.38 66.44 NOTE
r-release-windows-ix86+x86_64 4.3.20 175.00 115.00 290.00 NOTE
r-release-osx-x86_64 4.3.20 NOTE
r-oldrel-windows-ix86+x86_64 4.3.20 263.00 123.00 386.00 NOTE
r-oldrel-osx-x86_64 4.3.20 NOTE

Additional issues

clang-UBSAN

Check Details

Version: 4.3.20
Check: whether the namespace can be loaded with stated dependencies
Result: NOTE
    Warning in fun(libname, pkgname) : TBB malloc library not found.
    
    A namespace must be able to be loaded with just the base namespace
    loaded: otherwise if the namespace gets loaded by a saved object, the
    session will be unable to start.
    
    Probably some imports need to be declared in the NAMESPACE file.
Flavor: r-devel-linux-x86_64-debian-clang

Version: 4.3.20
Check: for GNU extensions in Makefiles
Result: NOTE
    GNU make is a SystemRequirements.
Flavors: r-devel-linux-x86_64-debian-clang, r-devel-linux-x86_64-debian-gcc, r-devel-linux-x86_64-fedora-clang, r-devel-linux-x86_64-fedora-gcc, r-devel-windows-ix86+x86_64, r-patched-linux-x86_64, r-patched-solaris-x86, r-release-linux-x86_64, r-release-windows-ix86+x86_64, r-release-osx-x86_64, r-oldrel-windows-ix86+x86_64, r-oldrel-osx-x86_64

Version: 4.3.20
Check: compiled code
Result: NOTE
    File ‘RcppParallel/libs/RcppParallel.so’:
     Found no calls to: ‘R_registerRoutines’, ‘R_useDynamicSymbols’
    
    It is good practice to register native routines and to disable symbol
    search.
    
    See ‘Writing portable packages’ in the ‘Writing R Extensions’ manual.
Flavors: r-devel-linux-x86_64-debian-clang, r-devel-linux-x86_64-debian-gcc, r-devel-linux-x86_64-fedora-clang, r-devel-linux-x86_64-fedora-gcc, r-patched-linux-x86_64, r-release-linux-x86_64

Version: 4.3.20
Check: tests
Result: ERROR
     Running ‘doRUnit.R’ [31s/31s]
    Running the tests in ‘tests/doRUnit.R’ failed.
    Complete output:
     > stopifnot(require(RUnit, quietly=TRUE))
     > stopifnot(require(Rcpp, quietly=TRUE))
     > stopifnot(require(RcppParallel, quietly=TRUE))
    
     Attaching package: 'RcppParallel'
    
     The following object is masked from 'package:Rcpp':
    
     LdFlags
    
     Warning message:
     In fun(libname, pkgname) : TBB malloc library not found.
     >
     > ## Set a seed to make the test deterministic
     > set.seed(42)
     >
     > ## Define tests
     > suite <- defineTestSuite(name="RcppParallel Unit Tests",
     + dirs=system.file("tests", package = "RcppParallel"))
     >
     > ## Based on practice in Rcpp to avoid some test failures
     > Sys.setenv("R_TESTS"="")
     >
     > ## Run tests
     > tests <- runTestSuite(suite)
     In file included from distance.cpp:77:
     In file included from /home/hornik/tmp/R.check/r-devel-clang/Work/build/Packages/RcppParallel/include/RcppParallel.h:6:
     In file included from /home/hornik/tmp/R.check/r-devel-clang/Work/build/Packages/RcppParallel/include/RcppParallel/TinyThread.h:8:
     /home/hornik/tmp/R.check/r-devel-clang/Work/build/Packages/RcppParallel/include/tthread/tinythread.h:632:9: warning: 'long long' is a C++11 extension [-Wc++11-long-long]
     typedef long long __intmax_t;
     ^
     In file included from distance.cpp:77:
     In file included from /home/hornik/tmp/R.check/r-devel-clang/Work/build/Packages/RcppParallel/include/RcppParallel.h:15:
     In file included from /home/hornik/tmp/R.check/r-devel-clang/Work/build/Packages/RcppParallel/include/RcppParallel/TBB.h:6:
     In file included from /home/hornik/tmp/R.check/r-devel-clang/Work/build/Packages/RcppParallel/include/tbb/tbb.h:35:
     In file included from /home/hornik/tmp/R.check/r-devel-clang/Work/build/Packages/RcppParallel/include/tbb/aligned_space.h:24:
     /home/hornik/tmp/R.check/r-devel-clang/Work/build/Packages/RcppParallel/include/tbb/tbb_stddef.h:463:32: warning: 'long long' is a C++11 extension [-Wc++11-long-long]
     template <unsigned u, unsigned long long ull >
     ^
     In file included from distance.cpp:77:
     In file included from /home/hornik/tmp/R.check/r-devel-clang/Work/build/Packages/RcppParallel/include/RcppParallel.h:15:
     In file included from /home/hornik/tmp/R.check/r-devel-clang/Work/build/Packages/RcppParallel/include/RcppParallel/TBB.h:6:
     In file included from /home/hornik/tmp/R.check/r-devel-clang/Work/build/Packages/RcppParallel/include/tbb/tbb.h:36:
     /home/hornik/tmp/R.check/r-devel-clang/Work/build/Packages/RcppParallel/include/tbb/atomic.h:436:19: warning: 'long long' is a C++11 extension [-Wc++11-long-long]
     __TBB_DECL_ATOMIC(__TBB_LONG_LONG)
     ^
     /home/hornik/tmp/R.check/r-devel-clang/Work/build/Packages/RcppParallel/include/tbb/atomic.h:29:25: note: expanded from macro '__TBB_LONG_LONG'
     #define __TBB_LONG_LONG long long
     ^
     /home/hornik/tmp/R.check/r-devel-clang/Work/build/Packages/RcppParallel/include/tbb/atomic.h:436:19: warning: 'long long' is a C++11 extension [-Wc++11-long-long]
     /home/hornik/tmp/R.check/r-devel-clang/Work/build/Packages/RcppParallel/include/tbb/atomic.h:29:25: note: expanded from macro '__TBB_LONG_LONG'
     #define __TBB_LONG_LONG long long
     ^
     /home/hornik/tmp/R.check/r-devel-clang/Work/build/Packages/RcppParallel/include/tbb/atomic.h:436:19: warning: 'long long' is a C++11 extension [-Wc++11-long-long]
     /home/hornik/tmp/R.check/r-devel-clang/Work/build/Packages/RcppParallel/include/tbb/atomic.h:29:25: note: expanded from macro '__TBB_LONG_LONG'
     #define __TBB_LONG_LONG long long
     ^
     /home/hornik/tmp/R.check/r-devel-clang/Work/build/Packages/RcppParallel/include/tbb/atomic.h:436:19: warning: 'long long' is a C++11 extension [-Wc++11-long-long]
     /home/hornik/tmp/R.check/r-devel-clang/Work/build/Packages/RcppParallel/include/tbb/atomic.h:29:25: note: expanded from macro '__TBB_LONG_LONG'
     #define __TBB_LONG_LONG long long
     ^
     /home/hornik/tmp/R.check/r-devel-clang/Work/build/Packages/RcppParallel/include/tbb/atomic.h:436:19: warning: 'long long' is a C++11 extension [-Wc++11-long-long]
     /home/hornik/tmp/R.check/r-devel-clang/Work/build/Packages/RcppParallel/include/tbb/atomic.h:29:25: note: expanded from macro '__TBB_LONG_LONG'
     #define __TBB_LONG_LONG long long
     ^
     /home/hornik/tmp/R.check/r-devel-clang/Work/build/Packages/RcppParallel/include/tbb/atomic.h:436:19: warning: 'long long' is a C++11 extension [-Wc++11-long-long]
     /home/hornik/tmp/R.check/r-devel-clang/Work/build/Packages/RcppParallel/include/tbb/atomic.h:29:25: note: expanded from macro '__TBB_LONG_LONG'
     #define __TBB_LONG_LONG long long
     ^
     /home/hornik/tmp/R.check/r-devel-clang/Work/build/Packages/RcppParallel/include/tbb/atomic.h:436:19: warning: 'long long' is a C++11 extension [-Wc++11-long-long]
     /home/hornik/tmp/R.check/r-devel-clang/Work/build/Packages/RcppParallel/include/tbb/atomic.h:29:25: note: expanded from macro '__TBB_LONG_LONG'
     #define __TBB_LONG_LONG long long
     ^
     /home/hornik/tmp/R.check/r-devel-clang/Work/build/Packages/RcppParallel/include/tbb/atomic.h:437:28: warning: 'long long' is a C++11 extension [-Wc++11-long-long]
     __TBB_DECL_ATOMIC(unsigned __TBB_LONG_LONG)
     ^
     /home/hornik/tmp/R.check/r-devel-clang/Work/build/Packages/RcppParallel/include/tbb/atomic.h:29:25: note: expanded from macro '__TBB_LONG_LONG'
     #define __TBB_LONG_LONG long long
     ^
     /home/hornik/tmp/R.check/r-devel-clang/Work/build/Packages/RcppParallel/include/tbb/atomic.h:437:28: warning: 'long long' is a C++11 extension [-Wc++11-long-long]
     /home/hornik/tmp/R.check/r-devel-clang/Work/build/Packages/RcppParallel/include/tbb/atomic.h:29:25: note: expanded from macro '__TBB_LONG_LONG'
     #define __TBB_LONG_LONG long long
     ^
     /home/hornik/tmp/R.check/r-devel-clang/Work/build/Packages/RcppParallel/include/tbb/atomic.h:437:28: warning: 'long long' is a C++11 extension [-Wc++11-long-long]
     /home/hornik/tmp/R.check/r-devel-clang/Work/build/Packages/RcppParallel/include/tbb/atomic.h:29:25: note: expanded from macro '__TBB_LONG_LONG'
     #define __TBB_LONG_LONG long long
     ^
     /home/hornik/tmp/R.check/r-devel-clang/Work/build/Packages/RcppParallel/include/tbb/atomic.h:437:28: warning: 'long long' is a C++11 extension [-Wc++11-long-long]
     /home/hornik/tmp/R.check/r-devel-clang/Work/build/Packages/RcppParallel/include/tbb/atomic.h:29:25: note: expanded from macro '__TBB_LONG_LONG'
     #define __TBB_LONG_LONG long long
     ^
     /home/hornik/tmp/R.check/r-devel-clang/Work/build/Packages/RcppParallel/include/tbb/atomic.h:437:28: warning: 'long long' is a C++11 extension [-Wc++11-long-long]
     /home/hornik/tmp/R.check/r-devel-clang/Work/build/Packages/RcppParallel/include/tbb/atomic.h:29:25: note: expanded from macro '__TBB_LONG_LONG'
     #define __TBB_LONG_LONG long long
     ^
     /home/hornik/tmp/R.check/r-devel-clang/Work/build/Packages/RcppParallel/include/tbb/atomic.h:437:28: warning: 'long long' is a C++11 extension [-Wc++11-long-long]
     /home/hornik/tmp/R.check/r-devel-clang/Work/build/Packages/RcppParallel/include/tbb/atomic.h:29:25: note: expanded from macro '__TBB_LONG_LONG'
     #define __TBB_LONG_LONG long long
     ^
     /home/hornik/tmp/R.check/r-devel-clang/Work/build/Packages/RcppParallel/include/tbb/atomic.h:437:28: warning: 'long long' is a C++11 extension [-Wc++11-long-long]
     /home/hornik/tmp/R.check/r-devel-clang/Work/build/Packages/RcppParallel/include/tbb/atomic.h:29:25: note: expanded from macro '__TBB_LONG_LONG'
     #define __TBB_LONG_LONG long long
     ^
     In file included from distance.cpp:77:
     In file included from /home/hornik/tmp/R.check/r-devel-clang/Work/build/Packages/RcppParallel/include/RcppParallel.h:15:
     In file included from /home/hornik/tmp/R.check/r-devel-clang/Work/build/Packages/RcppParallel/include/RcppParallel/TBB.h:6:
     In file included from /home/hornik/tmp/R.check/r-devel-clang/Work/build/Packages/RcppParallel/include/tbb/tbb.h:41:
     In file included from /home/hornik/tmp/R.check/r-devel-clang/Work/build/Packages/RcppParallel/include/tbb/combinable.h:24:
     In file included from /home/hornik/tmp/R.check/r-devel-clang/Work/build/Packages/RcppParallel/include/tbb/enumerable_thread_specific.h:25:
     In file included from /home/hornik/tmp/R.check/r-devel-clang/Work/build/Packages/RcppParallel/include/tbb/tbb_thread.h:40:
     /home/hornik/tmp/R.check/r-devel-clang/Work/build/Packages/RcppParallel/include/tbb/tick_count.h:42:9: warning: 'long long' is a C++11 extension [-Wc++11-long-long]
     long long value;
     ^
     /home/hornik/tmp/R.check/r-devel-clang/Work/build/Packages/RcppParallel/include/tbb/tick_count.h:43:30: warning: 'long long' is a C++11 extension [-Wc++11-long-long]
     explicit interval_t( long long value_ ) : value(value_) {}
     ^
     /home/hornik/tmp/R.check/r-devel-clang/Work/build/Packages/RcppParallel/include/tbb/tick_count.h:75:16: warning: 'long long' is a C++11 extension [-Wc++11-long-long]
     static long long ticks_per_second(){
     ^
     /home/hornik/tmp/R.check/r-devel-clang/Work/build/Packages/RcppParallel/include/tbb/tick_count.h:102:5: warning: 'long long' is a C++11 extension [-Wc++11-long-long]
     long long my_count;
     ^
     /home/hornik/tmp/R.check/r-devel-clang/Work/build/Packages/RcppParallel/include/tbb/tick_count.h:82:32: warning: 'long long' is a C++11 extension [-Wc++11-long-long]
     return static_cast<long long>(1E9);
     ^
     /home/hornik/tmp/R.check/r-devel-clang/Work/build/Packages/RcppParallel/include/tbb/tick_count.h:116:35: warning: 'long long' is a C++11 extension [-Wc++11-long-long]
     result.my_count = static_cast<long long>(1000000000UL)*static_cast<long long>(ts.tv_sec) + static_cast<long long>(ts.tv_nsec);
     ^
     /home/hornik/tmp/R.check/r-devel-clang/Work/build/Packages/RcppParallel/include/tbb/tick_count.h:116:72: warning: 'long long' is a C++11 extension [-Wc++11-long-long]
     result.my_count = static_cast<long long>(1000000000UL)*static_cast<long long>(ts.tv_sec) + static_cast<long long>(ts.tv_nsec);
     ^
     /home/hornik/tmp/R.check/r-devel-clang/Work/build/Packages/RcppParallel/include/tbb/tick_count.h:116:108: warning: 'long long' is a C++11 extension [-Wc++11-long-long]
     result.my_count = static_cast<long long>(1000000000UL)*static_cast<long long>(ts.tv_sec) + static_cast<long long>(ts.tv_nsec);
     ^
     /home/hornik/tmp/R.check/r-devel-clang/Work/build/Packages/RcppParallel/include/tbb/tick_count.h:127:25: warning: 'long long' is a C++11 extension [-Wc++11-long-long]
     value = static_cast<long long>(sec*interval_t::ticks_per_second());
     ^
     In file included from distance.cpp:77:
     In file included from /home/hornik/tmp/R.check/r-devel-clang/Work/build/Packages/RcppParallel/include/RcppParallel.h:15:
     In file included from /home/hornik/tmp/R.check/r-devel-clang/Work/build/Packages/RcppParallel/include/RcppParallel/TBB.h:6:
     In file included from /home/hornik/tmp/R.check/r-devel-clang/Work/build/Packages/RcppParallel/include/tbb/tbb.h:41:
     In file included from /home/hornik/tmp/R.check/r-devel-clang/Work/build/Packages/RcppParallel/include/tbb/combinable.h:24:
     /home/hornik/tmp/R.check/r-devel-clang/Work/build/Packages/RcppParallel/include/tbb/enumerable_thread_specific.h:118:86: warning: 'long long' is a C++11 extension [-Wc++11-long-long]
     return uintptr_t(k)*tbb::internal::select_size_t_constant<0x9E3779B9,0x9E3779B97F4A7C15ULL>::value;
     ^
     In file included from distance.cpp:77:
     In file included from /home/hornik/tmp/R.check/r-devel-clang/Work/build/Packages/RcppParallel/include/RcppParallel.h:15:
     In file included from /home/hornik/tmp/R.check/r-devel-clang/Work/build/Packages/RcppParallel/include/RcppParallel/TBB.h:6:
     In file included from /home/hornik/tmp/R.check/r-devel-clang/Work/build/Packages/RcppParallel/include/tbb/tbb.h:42:
     In file included from /home/hornik/tmp/R.check/r-devel-clang/Work/build/Packages/RcppParallel/include/tbb/concurrent_hash_map.h:46:
     /home/hornik/tmp/R.check/r-devel-clang/Work/build/Packages/RcppParallel/include/tbb/internal/_concurrent_unordered_impl.h:1523:90: warning: 'long long' is a C++11 extension [-Wc++11-long-long]
     static const size_t hash_multiplier = tbb::internal::select_size_t_constant<2654435769U, 11400714819323198485ULL>::value;
     ^
     In file included from distance.cpp:77:
     In file included from /home/hornik/tmp/R.check/r-devel-clang/Work/build/Packages/RcppParallel/include/RcppParallel.h:15:
     In file included from /home/hornik/tmp/R.check/r-devel-clang/Work/build/Packages/RcppParallel/include/RcppParallel/TBB.h:6:
     In file included from /home/hornik/tmp/R.check/r-devel-clang/Work/build/Packages/RcppParallel/include/tbb/tbb.h:53:
     In file included from /home/hornik/tmp/R.check/r-devel-clang/Work/build/Packages/RcppParallel/include/tbb/flow_graph.h:2714:
     In file included from /home/hornik/tmp/R.check/r-devel-clang/Work/build/Packages/RcppParallel/include/tbb/internal/_flow_graph_join_impl.h:600:
     /home/hornik/tmp/R.check/r-devel-clang/Work/build/Packages/RcppParallel/include/tbb/internal/_flow_graph_tagged_buffer_impl.h:77:78: warning: 'long long' is a C++11 extension [-Wc++11-long-long]
     return uintptr_t(t)*tbb::internal::select_size_t_constant<0x9E3779B9,0x9E3779B97F4A7C15ULL>::value;
     ^
     28 warnings generated.
    
    
     Executing test function test.distance ... done successfully.
    
     In file included from innerproduct.cpp:18:
     In file included from /home/hornik/tmp/R.check/r-devel-clang/Work/build/Packages/RcppParallel/include/RcppParallel.h:6:
     In file included from /home/hornik/tmp/R.check/r-devel-clang/Work/build/Packages/RcppParallel/include/RcppParallel/TinyThread.h:8:
     /home/hornik/tmp/R.check/r-devel-clang/Work/build/Packages/RcppParallel/include/tthread/tinythread.h:632:9: warning: 'long long' is a C++11 extension [-Wc++11-long-long]
     typedef long long __intmax_t;
     ^
     In file included from innerproduct.cpp:18:
     In file included from /home/hornik/tmp/R.check/r-devel-clang/Work/build/Packages/RcppParallel/include/RcppParallel.h:15:
     In file included from /home/hornik/tmp/R.check/r-devel-clang/Work/build/Packages/RcppParallel/include/RcppParallel/TBB.h:6:
     In file included from /home/hornik/tmp/R.check/r-devel-clang/Work/build/Packages/RcppParallel/include/tbb/tbb.h:35:
     In file included from /home/hornik/tmp/R.check/r-devel-clang/Work/build/Packages/RcppParallel/include/tbb/aligned_space.h:24:
     /home/hornik/tmp/R.check/r-devel-clang/Work/build/Packages/RcppParallel/include/tbb/tbb_stddef.h:463:32: warning: 'long long' is a C++11 extension [-Wc++11-long-long]
     template <unsigned u, unsigned long long ull >
     ^
     In file included from innerproduct.cpp:18:
     In file included from /home/hornik/tmp/R.check/r-devel-clang/Work/build/Packages/RcppParallel/include/RcppParallel.h:15:
     In file included from /home/hornik/tmp/R.check/r-devel-clang/Work/build/Packages/RcppParallel/include/RcppParallel/TBB.h:6:
     In file included from /home/hornik/tmp/R.check/r-devel-clang/Work/build/Packages/RcppParallel/include/tbb/tbb.h:36:
     /home/hornik/tmp/R.check/r-devel-clang/Work/build/Packages/RcppParallel/include/tbb/atomic.h:436:19: warning: 'long long' is a C++11 extension [-Wc++11-long-long]
     __TBB_DECL_ATOMIC(__TBB_LONG_LONG)
     ^
     /home/hornik/tmp/R.check/r-devel-clang/Work/build/Packages/RcppParallel/include/tbb/atomic.h:29:25: note: expanded from macro '__TBB_LONG_LONG'
     #define __TBB_LONG_LONG long long
     ^
     /home/hornik/tmp/R.check/r-devel-clang/Work/build/Packages/RcppParallel/include/tbb/atomic.h:436:19: warning: 'long long' is a C++11 extension [-Wc++11-long-long]
     /home/hornik/tmp/R.check/r-devel-clang/Work/build/Packages/RcppParallel/include/tbb/atomic.h:29:25: note: expanded from macro '__TBB_LONG_LONG'
     #define __TBB_LONG_LONG long long
     ^
     /home/hornik/tmp/R.check/r-devel-clang/Work/build/Packages/RcppParallel/include/tbb/atomic.h:436:19: warning: 'long long' is a C++11 extension [-Wc++11-long-long]
     /home/hornik/tmp/R.check/r-devel-clang/Work/build/Packages/RcppParallel/include/tbb/atomic.h:29:25: note: expanded from macro '__TBB_LONG_LONG'
     #define __TBB_LONG_LONG long long
     ^
     /home/hornik/tmp/R.check/r-devel-clang/Work/build/Packages/RcppParallel/include/tbb/atomic.h:436:19: warning: 'long long' is a C++11 extension [-Wc++11-long-long]
     /home/hornik/tmp/R.check/r-devel-clang/Work/build/Packages/RcppParallel/include/tbb/atomic.h:29:25: note: expanded from macro '__TBB_LONG_LONG'
     #define __TBB_LONG_LONG long long
     ^
     /home/hornik/tmp/R.check/r-devel-clang/Work/build/Packages/RcppParallel/include/tbb/atomic.h:436:19: warning: 'long long' is a C++11 extension [-Wc++11-long-long]
     /home/hornik/tmp/R.check/r-devel-clang/Work/build/Packages/RcppParallel/include/tbb/atomic.h:29:25: note: expanded from macro '__TBB_LONG_LONG'
     #define __TBB_LONG_LONG long long
     ^
     /home/hornik/tmp/R.check/r-devel-clang/Work/build/Packages/RcppParallel/include/tbb/atomic.h:436:19: warning: 'long long' is a C++11 extension [-Wc++11-long-long]
     /home/hornik/tmp/R.check/r-devel-clang/Work/build/Packages/RcppParallel/include/tbb/atomic.h:29:25: note: expanded from macro '__TBB_LONG_LONG'
     #define __TBB_LONG_LONG long long
     ^
     /home/hornik/tmp/R.check/r-devel-clang/Work/build/Packages/RcppParallel/include/tbb/atomic.h:436:19: warning: 'long long' is a C++11 extension [-Wc++11-long-long]
     /home/hornik/tmp/R.check/r-devel-clang/Work/build/Packages/RcppParallel/include/tbb/atomic.h:29:25: note: expanded from macro '__TBB_LONG_LONG'
     #define __TBB_LONG_LONG long long
     ^
     /home/hornik/tmp/R.check/r-devel-clang/Work/build/Packages/RcppParallel/include/tbb/atomic.h:437:28: warning: 'long long' is a C++11 extension [-Wc++11-long-long]
     __TBB_DECL_ATOMIC(unsigned __TBB_LONG_LONG)
     ^
     /home/hornik/tmp/R.check/r-devel-clang/Work/build/Packages/RcppParallel/include/tbb/atomic.h:29:25: note: expanded from macro '__TBB_LONG_LONG'
     #define __TBB_LONG_LONG long long
     ^
     /home/hornik/tmp/R.check/r-devel-clang/Work/build/Packages/RcppParallel/include/tbb/atomic.h:437:28: warning: 'long long' is a C++11 extension [-Wc++11-long-long]
     /home/hornik/tmp/R.check/r-devel-clang/Work/build/Packages/RcppParallel/include/tbb/atomic.h:29:25: note: expanded from macro '__TBB_LONG_LONG'
     #define __TBB_LONG_LONG long long
     ^
     /home/hornik/tmp/R.check/r-devel-clang/Work/build/Packages/RcppParallel/include/tbb/atomic.h:437:28: warning: 'long long' is a C++11 extension [-Wc++11-long-long]
     /home/hornik/tmp/R.check/r-devel-clang/Work/build/Packages/RcppParallel/include/tbb/atomic.h:29:25: note: expanded from macro '__TBB_LONG_LONG'
     #define __TBB_LONG_LONG long long
     ^
     /home/hornik/tmp/R.check/r-devel-clang/Work/build/Packages/RcppParallel/include/tbb/atomic.h:437:28: warning: 'long long' is a C++11 extension [-Wc++11-long-long]
     /home/hornik/tmp/R.check/r-devel-clang/Work/build/Packages/RcppParallel/include/tbb/atomic.h:29:25: note: expanded from macro '__TBB_LONG_LONG'
     #define __TBB_LONG_LONG long long
     ^
     /home/hornik/tmp/R.check/r-devel-clang/Work/build/Packages/RcppParallel/include/tbb/atomic.h:437:28: warning: 'long long' is a C++11 extension [-Wc++11-long-long]
     /home/hornik/tmp/R.check/r-devel-clang/Work/build/Packages/RcppParallel/include/tbb/atomic.h:29:25: note: expanded from macro '__TBB_LONG_LONG'
     #define __TBB_LONG_LONG long long
     ^
     /home/hornik/tmp/R.check/r-devel-clang/Work/build/Packages/RcppParallel/include/tbb/atomic.h:437:28: warning: 'long long' is a C++11 extension [-Wc++11-long-long]
     /home/hornik/tmp/R.check/r-devel-clang/Work/build/Packages/RcppParallel/include/tbb/atomic.h:29:25: note: expanded from macro '__TBB_LONG_LONG'
     #define __TBB_LONG_LONG long long
     ^
     /home/hornik/tmp/R.check/r-devel-clang/Work/build/Packages/RcppParallel/include/tbb/atomic.h:437:28: warning: 'long long' is a C++11 extension [-Wc++11-long-long]
     /home/hornik/tmp/R.check/r-devel-clang/Work/build/Packages/RcppParallel/include/tbb/atomic.h:29:25: note: expanded from macro '__TBB_LONG_LONG'
     #define __TBB_LONG_LONG long long
     ^
     In file included from innerproduct.cpp:18:
     In file included from /home/hornik/tmp/R.check/r-devel-clang/Work/build/Packages/RcppParallel/include/RcppParallel.h:15:
     In file included from /home/hornik/tmp/R.check/r-devel-clang/Work/build/Packages/RcppParallel/include/RcppParallel/TBB.h:6:
     In file included from /home/hornik/tmp/R.check/r-devel-clang/Work/build/Packages/RcppParallel/include/tbb/tbb.h:41:
     In file included from /home/hornik/tmp/R.check/r-devel-clang/Work/build/Packages/RcppParallel/include/tbb/combinable.h:24:
     In file included from /home/hornik/tmp/R.check/r-devel-clang/Work/build/Packages/RcppParallel/include/tbb/enumerable_thread_specific.h:25:
     In file included from /home/hornik/tmp/R.check/r-devel-clang/Work/build/Packages/RcppParallel/include/tbb/tbb_thread.h:40:
     /home/hornik/tmp/R.check/r-devel-clang/Work/build/Packages/RcppParallel/include/tbb/tick_count.h:42:9: warning: 'long long' is a C++11 extension [-Wc++11-long-long]
     long long value;
     ^
     /home/hornik/tmp/R.check/r-devel-clang/Work/build/Packages/RcppParallel/include/tbb/tick_count.h:43:30: warning: 'long long' is a C++11 extension [-Wc++11-long-long]
     explicit interval_t( long long value_ ) : value(value_) {}
     ^
     /home/hornik/tmp/R.check/r-devel-clang/Work/build/Packages/RcppParallel/include/tbb/tick_count.h:75:16: warning: 'long long' is a C++11 extension [-Wc++11-long-long]
     static long long ticks_per_second(){
     ^
     /home/hornik/tmp/R.check/r-devel-clang/Work/build/Packages/RcppParallel/include/tbb/tick_count.h:102:5: warning: 'long long' is a C++11 extension [-Wc++11-long-long]
     long long my_count;
     ^
     /home/hornik/tmp/R.check/r-devel-clang/Work/build/Packages/RcppParallel/include/tbb/tick_count.h:82:32: warning: 'long long' is a C++11 extension [-Wc++11-long-long]
     return static_cast<long long>(1E9);
     ^
     /home/hornik/tmp/R.check/r-devel-clang/Work/build/Packages/RcppParallel/include/tbb/tick_count.h:116:35: warning: 'long long' is a C++11 extension [-Wc++11-long-long]
     result.my_count = static_cast<long long>(1000000000UL)*static_cast<long long>(ts.tv_sec) + static_cast<long long>(ts.tv_nsec);
     ^
     /home/hornik/tmp/R.check/r-devel-clang/Work/build/Packages/RcppParallel/include/tbb/tick_count.h:116:72: warning: 'long long' is a C++11 extension [-Wc++11-long-long]
     result.my_count = static_cast<long long>(1000000000UL)*static_cast<long long>(ts.tv_sec) + static_cast<long long>(ts.tv_nsec);
     ^
     /home/hornik/tmp/R.check/r-devel-clang/Work/build/Packages/RcppParallel/include/tbb/tick_count.h:116:108: warning: 'long long' is a C++11 extension [-Wc++11-long-long]
     result.my_count = static_cast<long long>(1000000000UL)*static_cast<long long>(ts.tv_sec) + static_cast<long long>(ts.tv_nsec);
     ^
     /home/hornik/tmp/R.check/r-devel-clang/Work/build/Packages/RcppParallel/include/tbb/tick_count.h:127:25: warning: 'long long' is a C++11 extension [-Wc++11-long-long]
     value = static_cast<long long>(sec*interval_t::ticks_per_second());
     ^
     In file included from innerproduct.cpp:18:
     In file included from /home/hornik/tmp/R.check/r-devel-clang/Work/build/Packages/RcppParallel/include/RcppParallel.h:15:
     In file included from /home/hornik/tmp/R.check/r-devel-clang/Work/build/Packages/RcppParallel/include/RcppParallel/TBB.h:6:
     In file included from /home/hornik/tmp/R.check/r-devel-clang/Work/build/Packages/RcppParallel/include/tbb/tbb.h:41:
     In file included from /home/hornik/tmp/R.check/r-devel-clang/Work/build/Packages/RcppParallel/include/tbb/combinable.h:24:
     /home/hornik/tmp/R.check/r-devel-clang/Work/build/Packages/RcppParallel/include/tbb/enumerable_thread_specific.h:118:86: warning: 'long long' is a C++11 extension [-Wc++11-long-long]
     return uintptr_t(k)*tbb::internal::select_size_t_constant<0x9E3779B9,0x9E3779B97F4A7C15ULL>::value;
     ^
     In file included from innerproduct.cpp:18:
     In file included from /home/hornik/tmp/R.check/r-devel-clang/Work/build/Packages/RcppParallel/include/RcppParallel.h:15:
     In file included from /home/hornik/tmp/R.check/r-devel-clang/Work/build/Packages/RcppParallel/include/RcppParallel/TBB.h:6:
     In file included from /home/hornik/tmp/R.check/r-devel-clang/Work/build/Packages/RcppParallel/include/tbb/tbb.h:42:
     In file included from /home/hornik/tmp/R.check/r-devel-clang/Work/build/Packages/RcppParallel/include/tbb/concurrent_hash_map.h:46:
     /home/hornik/tmp/R.check/r-devel-clang/Work/build/Packages/RcppParallel/include/tbb/internal/_concurrent_unordered_impl.h:1523:90: warning: 'long long' is a C++11 extension [-Wc++11-long-long]
     static const size_t hash_multiplier = tbb::internal::select_size_t_constant<2654435769U, 11400714819323198485ULL>::value;
     ^
     In file included from innerproduct.cpp:18:
     In file included from /home/hornik/tmp/R.check/r-devel-clang/Work/build/Packages/RcppParallel/include/RcppParallel.h:15:
     In file included from /home/hornik/tmp/R.check/r-devel-clang/Work/build/Packages/RcppParallel/include/RcppParallel/TBB.h:6:
     In file included from /home/hornik/tmp/R.check/r-devel-clang/Work/build/Packages/RcppParallel/include/tbb/tbb.h:53:
     In file included from /home/hornik/tmp/R.check/r-devel-clang/Work/build/Packages/RcppParallel/include/tbb/flow_graph.h:2714:
     In file included from /home/hornik/tmp/R.check/r-devel-clang/Work/build/Packages/RcppParallel/include/tbb/internal/_flow_graph_join_impl.h:600:
     /home/hornik/tmp/R.check/r-devel-clang/Work/build/Packages/RcppParallel/include/tbb/internal/_flow_graph_tagged_buffer_impl.h:77:78: warning: 'long long' is a C++11 extension [-Wc++11-long-long]
     return uintptr_t(t)*tbb::internal::select_size_t_constant<0x9E3779B9,0x9E3779B97F4A7C15ULL>::value;
     ^
     28 warnings generated.
    
    
     Executing test function test.innerproduct ... done successfully.
    
     In file included from malloc.cpp:6:
     In file included from /home/hornik/tmp/R.check/r-devel-clang/Work/build/Packages/RcppParallel/include/RcppParallel.h:6:
     In file included from /home/hornik/tmp/R.check/r-devel-clang/Work/build/Packages/RcppParallel/include/RcppParallel/TinyThread.h:8:
     /home/hornik/tmp/R.check/r-devel-clang/Work/build/Packages/RcppParallel/include/tthread/tinythread.h:632:9: warning: 'long long' is a C++11 extension [-Wc++11-long-long]
     typedef long long __intmax_t;
     ^
     In file included from malloc.cpp:6:
     In file included from /home/hornik/tmp/R.check/r-devel-clang/Work/build/Packages/RcppParallel/include/RcppParallel.h:15:
     In file included from /home/hornik/tmp/R.check/r-devel-clang/Work/build/Packages/RcppParallel/include/RcppParallel/TBB.h:6:
     In file included from /home/hornik/tmp/R.check/r-devel-clang/Work/build/Packages/RcppParallel/include/tbb/tbb.h:35:
     In file included from /home/hornik/tmp/R.check/r-devel-clang/Work/build/Packages/RcppParallel/include/tbb/aligned_space.h:24:
     /home/hornik/tmp/R.check/r-devel-clang/Work/build/Packages/RcppParallel/include/tbb/tbb_stddef.h:463:32: warning: 'long long' is a C++11 extension [-Wc++11-long-long]
     template <unsigned u, unsigned long long ull >
     ^
     In file included from malloc.cpp:6:
     In file included from /home/hornik/tmp/R.check/r-devel-clang/Work/build/Packages/RcppParallel/include/RcppParallel.h:15:
     In file included from /home/hornik/tmp/R.check/r-devel-clang/Work/build/Packages/RcppParallel/include/RcppParallel/TBB.h:6:
     In file included from /home/hornik/tmp/R.check/r-devel-clang/Work/build/Packages/RcppParallel/include/tbb/tbb.h:36:
     /home/hornik/tmp/R.check/r-devel-clang/Work/build/Packages/RcppParallel/include/tbb/atomic.h:436:19: warning: 'long long' is a C++11 extension [-Wc++11-long-long]
     __TBB_DECL_ATOMIC(__TBB_LONG_LONG)
     ^
     /home/hornik/tmp/R.check/r-devel-clang/Work/build/Packages/RcppParallel/include/tbb/atomic.h:29:25: note: expanded from macro '__TBB_LONG_LONG'
     #define __TBB_LONG_LONG long long
     ^
     /home/hornik/tmp/R.check/r-devel-clang/Work/build/Packages/RcppParallel/include/tbb/atomic.h:436:19: warning: 'long long' is a C++11 extension [-Wc++11-long-long]
     /home/hornik/tmp/R.check/r-devel-clang/Work/build/Packages/RcppParallel/include/tbb/atomic.h:29:25: note: expanded from macro '__TBB_LONG_LONG'
     #define __TBB_LONG_LONG long long
     ^
     /home/hornik/tmp/R.check/r-devel-clang/Work/build/Packages/RcppParallel/include/tbb/atomic.h:436:19: warning: 'long long' is a C++11 extension [-Wc++11-long-long]
     /home/hornik/tmp/R.check/r-devel-clang/Work/build/Packages/RcppParallel/include/tbb/atomic.h:29:25: note: expanded from macro '__TBB_LONG_LONG'
     #define __TBB_LONG_LONG long long
     ^
     /home/hornik/tmp/R.check/r-devel-clang/Work/build/Packages/RcppParallel/include/tbb/atomic.h:436:19: warning: 'long long' is a C++11 extension [-Wc++11-long-long]
     /home/hornik/tmp/R.check/r-devel-clang/Work/build/Packages/RcppParallel/include/tbb/atomic.h:29:25: note: expanded from macro '__TBB_LONG_LONG'
     #define __TBB_LONG_LONG long long
     ^
     /home/hornik/tmp/R.check/r-devel-clang/Work/build/Packages/RcppParallel/include/tbb/atomic.h:436:19: warning: 'long long' is a C++11 extension [-Wc++11-long-long]
     /home/hornik/tmp/R.check/r-devel-clang/Work/build/Packages/RcppParallel/include/tbb/atomic.h:29:25: note: expanded from macro '__TBB_LONG_LONG'
     #define __TBB_LONG_LONG long long
     ^
     /home/hornik/tmp/R.check/r-devel-clang/Work/build/Packages/RcppParallel/include/tbb/atomic.h:436:19: warning: 'long long' is a C++11 extension [-Wc++11-long-long]
     /home/hornik/tmp/R.check/r-devel-clang/Work/build/Packages/RcppParallel/include/tbb/atomic.h:29:25: note: expanded from macro '__TBB_LONG_LONG'
     #define __TBB_LONG_LONG long long
     ^
     /home/hornik/tmp/R.check/r-devel-clang/Work/build/Packages/RcppParallel/include/tbb/atomic.h:436:19: warning: 'long long' is a C++11 extension [-Wc++11-long-long]
     /home/hornik/tmp/R.check/r-devel-clang/Work/build/Packages/RcppParallel/include/tbb/atomic.h:29:25: note: expanded from macro '__TBB_LONG_LONG'
     #define __TBB_LONG_LONG long long
     ^
     /home/hornik/tmp/R.check/r-devel-clang/Work/build/Packages/RcppParallel/include/tbb/atomic.h:437:28: warning: 'long long' is a C++11 extension [-Wc++11-long-long]
     __TBB_DECL_ATOMIC(unsigned __TBB_LONG_LONG)
     ^
     /home/hornik/tmp/R.check/r-devel-clang/Work/build/Packages/RcppParallel/include/tbb/atomic.h:29:25: note: expanded from macro '__TBB_LONG_LONG'
     #define __TBB_LONG_LONG long long
     ^
     /home/hornik/tmp/R.check/r-devel-clang/Work/build/Packages/RcppParallel/include/tbb/atomic.h:437:28: warning: 'long long' is a C++11 extension [-Wc++11-long-long]
     /home/hornik/tmp/R.check/r-devel-clang/Work/build/Packages/RcppParallel/include/tbb/atomic.h:29:25: note: expanded from macro '__TBB_LONG_LONG'
     #define __TBB_LONG_LONG long long
     ^
     /home/hornik/tmp/R.check/r-devel-clang/Work/build/Packages/RcppParallel/include/tbb/atomic.h:437:28: warning: 'long long' is a C++11 extension [-Wc++11-long-long]
     /home/hornik/tmp/R.check/r-devel-clang/Work/build/Packages/RcppParallel/include/tbb/atomic.h:29:25: note: expanded from macro '__TBB_LONG_LONG'
     #define __TBB_LONG_LONG long long
     ^
     /home/hornik/tmp/R.check/r-devel-clang/Work/build/Packages/RcppParallel/include/tbb/atomic.h:437:28: warning: 'long long' is a C++11 extension [-Wc++11-long-long]
     /home/hornik/tmp/R.check/r-devel-clang/Work/build/Packages/RcppParallel/include/tbb/atomic.h:29:25: note: expanded from macro '__TBB_LONG_LONG'
     #define __TBB_LONG_LONG long long
     ^
     /home/hornik/tmp/R.check/r-devel-clang/Work/build/Packages/RcppParallel/include/tbb/atomic.h:437:28: warning: 'long long' is a C++11 extension [-Wc++11-long-long]
     /home/hornik/tmp/R.check/r-devel-clang/Work/build/Packages/RcppParallel/include/tbb/atomic.h:29:25: note: expanded from macro '__TBB_LONG_LONG'
     #define __TBB_LONG_LONG long long
     ^
     /home/hornik/tmp/R.check/r-devel-clang/Work/build/Packages/RcppParallel/include/tbb/atomic.h:437:28: warning: 'long long' is a C++11 extension [-Wc++11-long-long]
     /home/hornik/tmp/R.check/r-devel-clang/Work/build/Packages/RcppParallel/include/tbb/atomic.h:29:25: note: expanded from macro '__TBB_LONG_LONG'
     #define __TBB_LONG_LONG long long
     ^
     /home/hornik/tmp/R.check/r-devel-clang/Work/build/Packages/RcppParallel/include/tbb/atomic.h:437:28: warning: 'long long' is a C++11 extension [-Wc++11-long-long]
     /home/hornik/tmp/R.check/r-devel-clang/Work/build/Packages/RcppParallel/include/tbb/atomic.h:29:25: note: expanded from macro '__TBB_LONG_LONG'
     #define __TBB_LONG_LONG long long
     ^
     In file included from malloc.cpp:6:
     In file included from /home/hornik/tmp/R.check/r-devel-clang/Work/build/Packages/RcppParallel/include/RcppParallel.h:15:
     In file included from /home/hornik/tmp/R.check/r-devel-clang/Work/build/Packages/RcppParallel/include/RcppParallel/TBB.h:6:
     In file included from /home/hornik/tmp/R.check/r-devel-clang/Work/build/Packages/RcppParallel/include/tbb/tbb.h:41:
     In file included from /home/hornik/tmp/R.check/r-devel-clang/Work/build/Packages/RcppParallel/include/tbb/combinable.h:24:
     In file included from /home/hornik/tmp/R.check/r-devel-clang/Work/build/Packages/RcppParallel/include/tbb/enumerable_thread_specific.h:25:
     In file included from /home/hornik/tmp/R.check/r-devel-clang/Work/build/Packages/RcppParallel/include/tbb/tbb_thread.h:40:
     /home/hornik/tmp/R.check/r-devel-clang/Work/build/Packages/RcppParallel/include/tbb/tick_count.h:42:9: warning: 'long long' is a C++11 extension [-Wc++11-long-long]
     long long value;
     ^
     /home/hornik/tmp/R.check/r-devel-clang/Work/build/Packages/RcppParallel/include/tbb/tick_count.h:43:30: warning: 'long long' is a C++11 extension [-Wc++11-long-long]
     explicit interval_t( long long value_ ) : value(value_) {}
     ^
     /home/hornik/tmp/R.check/r-devel-clang/Work/build/Packages/RcppParallel/include/tbb/tick_count.h:75:16: warning: 'long long' is a C++11 extension [-Wc++11-long-long]
     static long long ticks_per_second(){
     ^
     /home/hornik/tmp/R.check/r-devel-clang/Work/build/Packages/RcppParallel/include/tbb/tick_count.h:102:5: warning: 'long long' is a C++11 extension [-Wc++11-long-long]
     long long my_count;
     ^
     /home/hornik/tmp/R.check/r-devel-clang/Work/build/Packages/RcppParallel/include/tbb/tick_count.h:82:32: warning: 'long long' is a C++11 extension [-Wc++11-long-long]
     return static_cast<long long>(1E9);
     ^
     /home/hornik/tmp/R.check/r-devel-clang/Work/build/Packages/RcppParallel/include/tbb/tick_count.h:116:35: warning: 'long long' is a C++11 extension [-Wc++11-long-long]
     result.my_count = static_cast<long long>(1000000000UL)*static_cast<long long>(ts.tv_sec) + static_cast<long long>(ts.tv_nsec);
     ^
     /home/hornik/tmp/R.check/r-devel-clang/Work/build/Packages/RcppParallel/include/tbb/tick_count.h:116:72: warning: 'long long' is a C++11 extension [-Wc++11-long-long]
     result.my_count = static_cast<long long>(1000000000UL)*static_cast<long long>(ts.tv_sec) + static_cast<long long>(ts.tv_nsec);
     ^
     /home/hornik/tmp/R.check/r-devel-clang/Work/build/Packages/RcppParallel/include/tbb/tick_count.h:116:108: warning: 'long long' is a C++11 extension [-Wc++11-long-long]
     result.my_count = static_cast<long long>(1000000000UL)*static_cast<long long>(ts.tv_sec) + static_cast<long long>(ts.tv_nsec);
     ^
     /home/hornik/tmp/R.check/r-devel-clang/Work/build/Packages/RcppParallel/include/tbb/tick_count.h:127:25: warning: 'long long' is a C++11 extension [-Wc++11-long-long]
     value = static_cast<long long>(sec*interval_t::ticks_per_second());
     ^
     In file included from malloc.cpp:6:
     In file included from /home/hornik/tmp/R.check/r-devel-clang/Work/build/Packages/RcppParallel/include/RcppParallel.h:15:
     In file included from /home/hornik/tmp/R.check/r-devel-clang/Work/build/Packages/RcppParallel/include/RcppParallel/TBB.h:6:
     In file included from /home/hornik/tmp/R.check/r-devel-clang/Work/build/Packages/RcppParallel/include/tbb/tbb.h:41:
     In file included from /home/hornik/tmp/R.check/r-devel-clang/Work/build/Packages/RcppParallel/include/tbb/combinable.h:24:
     /home/hornik/tmp/R.check/r-devel-clang/Work/build/Packages/RcppParallel/include/tbb/enumerable_thread_specific.h:118:86: warning: 'long long' is a C++11 extension [-Wc++11-long-long]
     return uintptr_t(k)*tbb::internal::select_size_t_constant<0x9E3779B9,0x9E3779B97F4A7C15ULL>::value;
     ^
     In file included from malloc.cpp:6:
     In file included from /home/hornik/tmp/R.check/r-devel-clang/Work/build/Packages/RcppParallel/include/RcppParallel.h:15:
     In file included from /home/hornik/tmp/R.check/r-devel-clang/Work/build/Packages/RcppParallel/include/RcppParallel/TBB.h:6:
     In file included from /home/hornik/tmp/R.check/r-devel-clang/Work/build/Packages/RcppParallel/include/tbb/tbb.h:42:
     In file included from /home/hornik/tmp/R.check/r-devel-clang/Work/build/Packages/RcppParallel/include/tbb/concurrent_hash_map.h:46:
     /home/hornik/tmp/R.check/r-devel-clang/Work/build/Packages/RcppParallel/include/tbb/internal/_concurrent_unordered_impl.h:1523:90: warning: 'long long' is a C++11 extension [-Wc++11-long-long]
     static const size_t hash_multiplier = tbb::internal::select_size_t_constant<2654435769U, 11400714819323198485ULL>::value;
     ^
     In file included from malloc.cpp:6:
     In file included from /home/hornik/tmp/R.check/r-devel-clang/Work/build/Packages/RcppParallel/include/RcppParallel.h:15:
     In file included from /home/hornik/tmp/R.check/r-devel-clang/Work/build/Packages/RcppParallel/include/RcppParallel/TBB.h:6:
     In file included from /home/hornik/tmp/R.check/r-devel-clang/Work/build/Packages/RcppParallel/include/tbb/tbb.h:53:
     In file included from /home/hornik/tmp/R.check/r-devel-clang/Work/build/Packages/RcppParallel/include/tbb/flow_graph.h:2714:
     In file included from /home/hornik/tmp/R.check/r-devel-clang/Work/build/Packages/RcppParallel/include/tbb/internal/_flow_graph_join_impl.h:600:
     /home/hornik/tmp/R.check/r-devel-clang/Work/build/Packages/RcppParallel/include/tbb/internal/_flow_graph_tagged_buffer_impl.h:77:78: warning: 'long long' is a C++11 extension [-Wc++11-long-long]
     return uintptr_t(t)*tbb::internal::select_size_t_constant<0x9E3779B9,0x9E3779B97F4A7C15ULL>::value;
     ^
     28 warnings generated.
     Error in dyn.load("/tmp/RtmpHeL9e2/sourceCpp-x86_64-pc-linux-gnu-0.12.12/sourcecpp_53cd36b793b/sourceCpp_6.so") :
     unable to load shared object '/tmp/RtmpHeL9e2/sourceCpp-x86_64-pc-linux-gnu-0.12.12/sourcecpp_53cd36b793b/sourceCpp_6.so':
     /tmp/RtmpHeL9e2/sourceCpp-x86_64-pc-linux-gnu-0.12.12/sourcecpp_53cd36b793b/sourceCpp_6.so: undefined symbol: scalable_malloc
     In file included from sum.cpp:8:
     In file included from /home/hornik/tmp/R.check/r-devel-clang/Work/build/Packages/RcppParallel/include/RcppParallel.h:6:
     In file included from /home/hornik/tmp/R.check/r-devel-clang/Work/build/Packages/RcppParallel/include/RcppParallel/TinyThread.h:8:
     /home/hornik/tmp/R.check/r-devel-clang/Work/build/Packages/RcppParallel/include/tthread/tinythread.h:632:9: warning: 'long long' is a C++11 extension [-Wc++11-long-long]
     typedef long long __intmax_t;
     ^
     In file included from sum.cpp:8:
     In file included from /home/hornik/tmp/R.check/r-devel-clang/Work/build/Packages/RcppParallel/include/RcppParallel.h:15:
     In file included from /home/hornik/tmp/R.check/r-devel-clang/Work/build/Packages/RcppParallel/include/RcppParallel/TBB.h:6:
     In file included from /home/hornik/tmp/R.check/r-devel-clang/Work/build/Packages/RcppParallel/include/tbb/tbb.h:35:
     In file included from /home/hornik/tmp/R.check/r-devel-clang/Work/build/Packages/RcppParallel/include/tbb/aligned_space.h:24:
     /home/hornik/tmp/R.check/r-devel-clang/Work/build/Packages/RcppParallel/include/tbb/tbb_stddef.h:463:32: warning: 'long long' is a C++11 extension [-Wc++11-long-long]
     template <unsigned u, unsigned long long ull >
     ^
     In file included from sum.cpp:8:
     In file included from /home/hornik/tmp/R.check/r-devel-clang/Work/build/Packages/RcppParallel/include/RcppParallel.h:15:
     In file included from /home/hornik/tmp/R.check/r-devel-clang/Work/build/Packages/RcppParallel/include/RcppParallel/TBB.h:6:
     In file included from /home/hornik/tmp/R.check/r-devel-clang/Work/build/Packages/RcppParallel/include/tbb/tbb.h:36:
     /home/hornik/tmp/R.check/r-devel-clang/Work/build/Packages/RcppParallel/include/tbb/atomic.h:436:19: warning: 'long long' is a C++11 extension [-Wc++11-long-long]
     __TBB_DECL_ATOMIC(__TBB_LONG_LONG)
     ^
     /home/hornik/tmp/R.check/r-devel-clang/Work/build/Packages/RcppParallel/include/tbb/atomic.h:29:25: note: expanded from macro '__TBB_LONG_LONG'
     #define __TBB_LONG_LONG long long
     ^
     /home/hornik/tmp/R.check/r-devel-clang/Work/build/Packages/RcppParallel/include/tbb/atomic.h:436:19: warning: 'long long' is a C++11 extension [-Wc++11-long-long]
     /home/hornik/tmp/R.check/r-devel-clang/Work/build/Packages/RcppParallel/include/tbb/atomic.h:29:25: note: expanded from macro '__TBB_LONG_LONG'
     #define __TBB_LONG_LONG long long
     ^
     /home/hornik/tmp/R.check/r-devel-clang/Work/build/Packages/RcppParallel/include/tbb/atomic.h:436:19: warning: 'long long' is a C++11 extension [-Wc++11-long-long]
     /home/hornik/tmp/R.check/r-devel-clang/Work/build/Packages/RcppParallel/include/tbb/atomic.h:29:25: note: expanded from macro '__TBB_LONG_LONG'
     #define __TBB_LONG_LONG long long
     ^
     /home/hornik/tmp/R.check/r-devel-clang/Work/build/Packages/RcppParallel/include/tbb/atomic.h:436:19: warning: 'long long' is a C++11 extension [-Wc++11-long-long]
     /home/hornik/tmp/R.check/r-devel-clang/Work/build/Packages/RcppParallel/include/tbb/atomic.h:29:25: note: expanded from macro '__TBB_LONG_LONG'
     #define __TBB_LONG_LONG long long
     ^
     /home/hornik/tmp/R.check/r-devel-clang/Work/build/Packages/RcppParallel/include/tbb/atomic.h:436:19: warning: 'long long' is a C++11 extension [-Wc++11-long-long]
     /home/hornik/tmp/R.check/r-devel-clang/Work/build/Packages/RcppParallel/include/tbb/atomic.h:29:25: note: expanded from macro '__TBB_LONG_LONG'
     #define __TBB_LONG_LONG long long
     ^
     /home/hornik/tmp/R.check/r-devel-clang/Work/build/Packages/RcppParallel/include/tbb/atomic.h:436:19: warning: 'long long' is a C++11 extension [-Wc++11-long-long]
     /home/hornik/tmp/R.check/r-devel-clang/Work/build/Packages/RcppParallel/include/tbb/atomic.h:29:25: note: expanded from macro '__TBB_LONG_LONG'
     #define __TBB_LONG_LONG long long
     ^
     /home/hornik/tmp/R.check/r-devel-clang/Work/build/Packages/RcppParallel/include/tbb/atomic.h:436:19: warning: 'long long' is a C++11 extension [-Wc++11-long-long]
     /home/hornik/tmp/R.check/r-devel-clang/Work/build/Packages/RcppParallel/include/tbb/atomic.h:29:25: note: expanded from macro '__TBB_LONG_LONG'
     #define __TBB_LONG_LONG long long
     ^
     /home/hornik/tmp/R.check/r-devel-clang/Work/build/Packages/RcppParallel/include/tbb/atomic.h:437:28: warning: 'long long' is a C++11 extension [-Wc++11-long-long]
     __TBB_DECL_ATOMIC(unsigned __TBB_LONG_LONG)
     ^
     /home/hornik/tmp/R.check/r-devel-clang/Work/build/Packages/RcppParallel/include/tbb/atomic.h:29:25: note: expanded from macro '__TBB_LONG_LONG'
     #define __TBB_LONG_LONG long long
     ^
     /home/hornik/tmp/R.check/r-devel-clang/Work/build/Packages/RcppParallel/include/tbb/atomic.h:437:28: warning: 'long long' is a C++11 extension [-Wc++11-long-long]
     /home/hornik/tmp/R.check/r-devel-clang/Work/build/Packages/RcppParallel/include/tbb/atomic.h:29:25: note: expanded from macro '__TBB_LONG_LONG'
     #define __TBB_LONG_LONG long long
     ^
     /home/hornik/tmp/R.check/r-devel-clang/Work/build/Packages/RcppParallel/include/tbb/atomic.h:437:28: warning: 'long long' is a C++11 extension [-Wc++11-long-long]
     /home/hornik/tmp/R.check/r-devel-clang/Work/build/Packages/RcppParallel/include/tbb/atomic.h:29:25: note: expanded from macro '__TBB_LONG_LONG'
     #define __TBB_LONG_LONG long long
     ^
     /home/hornik/tmp/R.check/r-devel-clang/Work/build/Packages/RcppParallel/include/tbb/atomic.h:437:28: warning: 'long long' is a C++11 extension [-Wc++11-long-long]
     /home/hornik/tmp/R.check/r-devel-clang/Work/build/Packages/RcppParallel/include/tbb/atomic.h:29:25: note: expanded from macro '__TBB_LONG_LONG'
     #define __TBB_LONG_LONG long long
     ^
     /home/hornik/tmp/R.check/r-devel-clang/Work/build/Packages/RcppParallel/include/tbb/atomic.h:437:28: warning: 'long long' is a C++11 extension [-Wc++11-long-long]
     /home/hornik/tmp/R.check/r-devel-clang/Work/build/Packages/RcppParallel/include/tbb/atomic.h:29:25: note: expanded from macro '__TBB_LONG_LONG'
     #define __TBB_LONG_LONG long long
     ^
     /home/hornik/tmp/R.check/r-devel-clang/Work/build/Packages/RcppParallel/include/tbb/atomic.h:437:28: warning: 'long long' is a C++11 extension [-Wc++11-long-long]
     /home/hornik/tmp/R.check/r-devel-clang/Work/build/Packages/RcppParallel/include/tbb/atomic.h:29:25: note: expanded from macro '__TBB_LONG_LONG'
     #define __TBB_LONG_LONG long long
     ^
     /home/hornik/tmp/R.check/r-devel-clang/Work/build/Packages/RcppParallel/include/tbb/atomic.h:437:28: warning: 'long long' is a C++11 extension [-Wc++11-long-long]
     /home/hornik/tmp/R.check/r-devel-clang/Work/build/Packages/RcppParallel/include/tbb/atomic.h:29:25: note: expanded from macro '__TBB_LONG_LONG'
     #define __TBB_LONG_LONG long long
     ^
     In file included from sum.cpp:8:
     In file included from /home/hornik/tmp/R.check/r-devel-clang/Work/build/Packages/RcppParallel/include/RcppParallel.h:15:
     In file included from /home/hornik/tmp/R.check/r-devel-clang/Work/build/Packages/RcppParallel/include/RcppParallel/TBB.h:6:
     In file included from /home/hornik/tmp/R.check/r-devel-clang/Work/build/Packages/RcppParallel/include/tbb/tbb.h:41:
     In file included from /home/hornik/tmp/R.check/r-devel-clang/Work/build/Packages/RcppParallel/include/tbb/combinable.h:24:
     In file included from /home/hornik/tmp/R.check/r-devel-clang/Work/build/Packages/RcppParallel/include/tbb/enumerable_thread_specific.h:25:
     In file included from /home/hornik/tmp/R.check/r-devel-clang/Work/build/Packages/RcppParallel/include/tbb/tbb_thread.h:40:
     /home/hornik/tmp/R.check/r-devel-clang/Work/build/Packages/RcppParallel/include/tbb/tick_count.h:42:9: warning: 'long long' is a C++11 extension [-Wc++11-long-long]
     long long value;
     ^
     /home/hornik/tmp/R.check/r-devel-clang/Work/build/Packages/RcppParallel/include/tbb/tick_count.h:43:30: warning: 'long long' is a C++11 extension [-Wc++11-long-long]
     explicit interval_t( long long value_ ) : value(value_) {}
     ^
     /home/hornik/tmp/R.check/r-devel-clang/Work/build/Packages/RcppParallel/include/tbb/tick_count.h:75:16: warning: 'long long' is a C++11 extension [-Wc++11-long-long]
     static long long ticks_per_second(){
     ^
     /home/hornik/tmp/R.check/r-devel-clang/Work/build/Packages/RcppParallel/include/tbb/tick_count.h:102:5: warning: 'long long' is a C++11 extension [-Wc++11-long-long]
     long long my_count;
     ^
     /home/hornik/tmp/R.check/r-devel-clang/Work/build/Packages/RcppParallel/include/tbb/tick_count.h:82:32: warning: 'long long' is a C++11 extension [-Wc++11-long-long]
     return static_cast<long long>(1E9);
     ^
     /home/hornik/tmp/R.check/r-devel-clang/Work/build/Packages/RcppParallel/include/tbb/tick_count.h:116:35: warning: 'long long' is a C++11 extension [-Wc++11-long-long]
     result.my_count = static_cast<long long>(1000000000UL)*static_cast<long long>(ts.tv_sec) + static_cast<long long>(ts.tv_nsec);
     ^
     /home/hornik/tmp/R.check/r-devel-clang/Work/build/Packages/RcppParallel/include/tbb/tick_count.h:116:72: warning: 'long long' is a C++11 extension [-Wc++11-long-long]
     result.my_count = static_cast<long long>(1000000000UL)*static_cast<long long>(ts.tv_sec) + static_cast<long long>(ts.tv_nsec);
     ^
     /home/hornik/tmp/R.check/r-devel-clang/Work/build/Packages/RcppParallel/include/tbb/tick_count.h:116:108: warning: 'long long' is a C++11 extension [-Wc++11-long-long]
     result.my_count = static_cast<long long>(1000000000UL)*static_cast<long long>(ts.tv_sec) + static_cast<long long>(ts.tv_nsec);
     ^
     /home/hornik/tmp/R.check/r-devel-clang/Work/build/Packages/RcppParallel/include/tbb/tick_count.h:127:25: warning: 'long long' is a C++11 extension [-Wc++11-long-long]
     value = static_cast<long long>(sec*interval_t::ticks_per_second());
     ^
     In file included from sum.cpp:8:
     In file included from /home/hornik/tmp/R.check/r-devel-clang/Work/build/Packages/RcppParallel/include/RcppParallel.h:15:
     In file included from /home/hornik/tmp/R.check/r-devel-clang/Work/build/Packages/RcppParallel/include/RcppParallel/TBB.h:6:
     In file included from /home/hornik/tmp/R.check/r-devel-clang/Work/build/Packages/RcppParallel/include/tbb/tbb.h:41:
     In file included from /home/hornik/tmp/R.check/r-devel-clang/Work/build/Packages/RcppParallel/include/tbb/combinable.h:24:
     /home/hornik/tmp/R.check/r-devel-clang/Work/build/Packages/RcppParallel/include/tbb/enumerable_thread_specific.h:118:86: warning: 'long long' is a C++11 extension [-Wc++11-long-long]
     return uintptr_t(k)*tbb::internal::select_size_t_constant<0x9E3779B9,0x9E3779B97F4A7C15ULL>::value;
     ^
     In file included from sum.cpp:8:
     In file included from /home/hornik/tmp/R.check/r-devel-clang/Work/build/Packages/RcppParallel/include/RcppParallel.h:15:
     In file included from /home/hornik/tmp/R.check/r-devel-clang/Work/build/Packages/RcppParallel/include/RcppParallel/TBB.h:6:
     In file included from /home/hornik/tmp/R.check/r-devel-clang/Work/build/Packages/RcppParallel/include/tbb/tbb.h:42:
     In file included from /home/hornik/tmp/R.check/r-devel-clang/Work/build/Packages/RcppParallel/include/tbb/concurrent_hash_map.h:46:
     /home/hornik/tmp/R.check/r-devel-clang/Work/build/Packages/RcppParallel/include/tbb/internal/_concurrent_unordered_impl.h:1523:90: warning: 'long long' is a C++11 extension [-Wc++11-long-long]
     static const size_t hash_multiplier = tbb::internal::select_size_t_constant<2654435769U, 11400714819323198485ULL>::value;
     ^
     In file included from sum.cpp:8:
     In file included from /home/hornik/tmp/R.check/r-devel-clang/Work/build/Packages/RcppParallel/include/RcppParallel.h:15:
     In file included from /home/hornik/tmp/R.check/r-devel-clang/Work/build/Packages/RcppParallel/include/RcppParallel/TBB.h:6:
     In file included from /home/hornik/tmp/R.check/r-devel-clang/Work/build/Packages/RcppParallel/include/tbb/tbb.h:53:
     In file included from /home/hornik/tmp/R.check/r-devel-clang/Work/build/Packages/RcppParallel/include/tbb/flow_graph.h:2714:
     In file included from /home/hornik/tmp/R.check/r-devel-clang/Work/build/Packages/RcppParallel/include/tbb/internal/_flow_graph_join_impl.h:600:
     /home/hornik/tmp/R.check/r-devel-clang/Work/build/Packages/RcppParallel/include/tbb/internal/_flow_graph_tagged_buffer_impl.h:77:78: warning: 'long long' is a C++11 extension [-Wc++11-long-long]
     return uintptr_t(t)*tbb::internal::select_size_t_constant<0x9E3779B9,0x9E3779B97F4A7C15ULL>::value;
     ^
     28 warnings generated.
    
    
     Executing test function test.sum ... done successfully.
    
     In file included from transform.cpp:30:
     In file included from /home/hornik/tmp/R.check/r-devel-clang/Work/build/Packages/RcppParallel/include/RcppParallel.h:6:
     In file included from /home/hornik/tmp/R.check/r-devel-clang/Work/build/Packages/RcppParallel/include/RcppParallel/TinyThread.h:8:
     /home/hornik/tmp/R.check/r-devel-clang/Work/build/Packages/RcppParallel/include/tthread/tinythread.h:632:9: warning: 'long long' is a C++11 extension [-Wc++11-long-long]
     typedef long long __intmax_t;
     ^
     In file included from transform.cpp:30:
     In file included from /home/hornik/tmp/R.check/r-devel-clang/Work/build/Packages/RcppParallel/include/RcppParallel.h:15:
     In file included from /home/hornik/tmp/R.check/r-devel-clang/Work/build/Packages/RcppParallel/include/RcppParallel/TBB.h:6:
     In file included from /home/hornik/tmp/R.check/r-devel-clang/Work/build/Packages/RcppParallel/include/tbb/tbb.h:35:
     In file included from /home/hornik/tmp/R.check/r-devel-clang/Work/build/Packages/RcppParallel/include/tbb/aligned_space.h:24:
     /home/hornik/tmp/R.check/r-devel-clang/Work/build/Packages/RcppParallel/include/tbb/tbb_stddef.h:463:32: warning: 'long long' is a C++11 extension [-Wc++11-long-long]
     template <unsigned u, unsigned long long ull >
     ^
     In file included from transform.cpp:30:
     In file included from /home/hornik/tmp/R.check/r-devel-clang/Work/build/Packages/RcppParallel/include/RcppParallel.h:15:
     In file included from /home/hornik/tmp/R.check/r-devel-clang/Work/build/Packages/RcppParallel/include/RcppParallel/TBB.h:6:
     In file included from /home/hornik/tmp/R.check/r-devel-clang/Work/build/Packages/RcppParallel/include/tbb/tbb.h:36:
     /home/hornik/tmp/R.check/r-devel-clang/Work/build/Packages/RcppParallel/include/tbb/atomic.h:436:19: warning: 'long long' is a C++11 extension [-Wc++11-long-long]
     __TBB_DECL_ATOMIC(__TBB_LONG_LONG)
     ^
     /home/hornik/tmp/R.check/r-devel-clang/Work/build/Packages/RcppParallel/include/tbb/atomic.h:29:25: note: expanded from macro '__TBB_LONG_LONG'
     #define __TBB_LONG_LONG long long
     ^
     /home/hornik/tmp/R.check/r-devel-clang/Work/build/Packages/RcppParallel/include/tbb/atomic.h:436:19: warning: 'long long' is a C++11 extension [-Wc++11-long-long]
     /home/hornik/tmp/R.check/r-devel-clang/Work/build/Packages/RcppParallel/include/tbb/atomic.h:29:25: note: expanded from macro '__TBB_LONG_LONG'
     #define __TBB_LONG_LONG long long
     ^
     /home/hornik/tmp/R.check/r-devel-clang/Work/build/Packages/RcppParallel/include/tbb/atomic.h:436:19: warning: 'long long' is a C++11 extension [-Wc++11-long-long]
     /home/hornik/tmp/R.check/r-devel-clang/Work/build/Packages/RcppParallel/include/tbb/atomic.h:29:25: note: expanded from macro '__TBB_LONG_LONG'
     #define __TBB_LONG_LONG long long
     ^
     /home/hornik/tmp/R.check/r-devel-clang/Work/build/Packages/RcppParallel/include/tbb/atomic.h:436:19: warning: 'long long' is a C++11 extension [-Wc++11-long-long]
     /home/hornik/tmp/R.check/r-devel-clang/Work/build/Packages/RcppParallel/include/tbb/atomic.h:29:25: note: expanded from macro '__TBB_LONG_LONG'
     #define __TBB_LONG_LONG long long
     ^
     /home/hornik/tmp/R.check/r-devel-clang/Work/build/Packages/RcppParallel/include/tbb/atomic.h:436:19: warning: 'long long' is a C++11 extension [-Wc++11-long-long]
     /home/hornik/tmp/R.check/r-devel-clang/Work/build/Packages/RcppParallel/include/tbb/atomic.h:29:25: note: expanded from macro '__TBB_LONG_LONG'
     #define __TBB_LONG_LONG long long
     ^
     /home/hornik/tmp/R.check/r-devel-clang/Work/build/Packages/RcppParallel/include/tbb/atomic.h:436:19: warning: 'long long' is a C++11 extension [-Wc++11-long-long]
     /home/hornik/tmp/R.check/r-devel-clang/Work/build/Packages/RcppParallel/include/tbb/atomic.h:29:25: note: expanded from macro '__TBB_LONG_LONG'
     #define __TBB_LONG_LONG long long
     ^
     /home/hornik/tmp/R.check/r-devel-clang/Work/build/Packages/RcppParallel/include/tbb/atomic.h:436:19: warning: 'long long' is a C++11 extension [-Wc++11-long-long]
     /home/hornik/tmp/R.check/r-devel-clang/Work/build/Packages/RcppParallel/include/tbb/atomic.h:29:25: note: expanded from macro '__TBB_LONG_LONG'
     #define __TBB_LONG_LONG long long
     ^
     /home/hornik/tmp/R.check/r-devel-clang/Work/build/Packages/RcppParallel/include/tbb/atomic.h:437:28: warning: 'long long' is a C++11 extension [-Wc++11-long-long]
     __TBB_DECL_ATOMIC(unsigned __TBB_LONG_LONG)
     ^
     /home/hornik/tmp/R.check/r-devel-clang/Work/build/Packages/RcppParallel/include/tbb/atomic.h:29:25: note: expanded from macro '__TBB_LONG_LONG'
     #define __TBB_LONG_LONG long long
     ^
     /home/hornik/tmp/R.check/r-devel-clang/Work/build/Packages/RcppParallel/include/tbb/atomic.h:437:28: warning: 'long long' is a C++11 extension [-Wc++11-long-long]
     /home/hornik/tmp/R.check/r-devel-clang/Work/build/Packages/RcppParallel/include/tbb/atomic.h:29:25: note: expanded from macro '__TBB_LONG_LONG'
     #define __TBB_LONG_LONG long long
     ^
     /home/hornik/tmp/R.check/r-devel-clang/Work/build/Packages/RcppParallel/include/tbb/atomic.h:437:28: warning: 'long long' is a C++11 extension [-Wc++11-long-long]
     /home/hornik/tmp/R.check/r-devel-clang/Work/build/Packages/RcppParallel/include/tbb/atomic.h:29:25: note: expanded from macro '__TBB_LONG_LONG'
     #define __TBB_LONG_LONG long long
     ^
     /home/hornik/tmp/R.check/r-devel-clang/Work/build/Packages/RcppParallel/include/tbb/atomic.h:437:28: warning: 'long long' is a C++11 extension [-Wc++11-long-long]
     /home/hornik/tmp/R.check/r-devel-clang/Work/build/Packages/RcppParallel/include/tbb/atomic.h:29:25: note: expanded from macro '__TBB_LONG_LONG'
     #define __TBB_LONG_LONG long long
     ^
     /home/hornik/tmp/R.check/r-devel-clang/Work/build/Packages/RcppParallel/include/tbb/atomic.h:437:28: warning: 'long long' is a C++11 extension [-Wc++11-long-long]
     /home/hornik/tmp/R.check/r-devel-clang/Work/build/Packages/RcppParallel/include/tbb/atomic.h:29:25: note: expanded from macro '__TBB_LONG_LONG'
     #define __TBB_LONG_LONG long long
     ^
     /home/hornik/tmp/R.check/r-devel-clang/Work/build/Packages/RcppParallel/include/tbb/atomic.h:437:28: warning: 'long long' is a C++11 extension [-Wc++11-long-long]
     /home/hornik/tmp/R.check/r-devel-clang/Work/build/Packages/RcppParallel/include/tbb/atomic.h:29:25: note: expanded from macro '__TBB_LONG_LONG'
     #define __TBB_LONG_LONG long long
     ^
     /home/hornik/tmp/R.check/r-devel-clang/Work/build/Packages/RcppParallel/include/tbb/atomic.h:437:28: warning: 'long long' is a C++11 extension [-Wc++11-long-long]
     /home/hornik/tmp/R.check/r-devel-clang/Work/build/Packages/RcppParallel/include/tbb/atomic.h:29:25: note: expanded from macro '__TBB_LONG_LONG'
     #define __TBB_LONG_LONG long long
     ^
     In file included from transform.cpp:30:
     In file included from /home/hornik/tmp/R.check/r-devel-clang/Work/build/Packages/RcppParallel/include/RcppParallel.h:15:
     In file included from /home/hornik/tmp/R.check/r-devel-clang/Work/build/Packages/RcppParallel/include/RcppParallel/TBB.h:6:
     In file included from /home/hornik/tmp/R.check/r-devel-clang/Work/build/Packages/RcppParallel/include/tbb/tbb.h:41:
     In file included from /home/hornik/tmp/R.check/r-devel-clang/Work/build/Packages/RcppParallel/include/tbb/combinable.h:24:
     In file included from /home/hornik/tmp/R.check/r-devel-clang/Work/build/Packages/RcppParallel/include/tbb/enumerable_thread_specific.h:25:
     In file included from /home/hornik/tmp/R.check/r-devel-clang/Work/build/Packages/RcppParallel/include/tbb/tbb_thread.h:40:
     /home/hornik/tmp/R.check/r-devel-clang/Work/build/Packages/RcppParallel/include/tbb/tick_count.h:42:9: warning: 'long long' is a C++11 extension [-Wc++11-long-long]
     long long value;
     ^
     /home/hornik/tmp/R.check/r-devel-clang/Work/build/Packages/RcppParallel/include/tbb/tick_count.h:43:30: warning: 'long long' is a C++11 extension [-Wc++11-long-long]
     explicit interval_t( long long value_ ) : value(value_) {}
     ^
     /home/hornik/tmp/R.check/r-devel-clang/Work/build/Packages/RcppParallel/include/tbb/tick_count.h:75:16: warning: 'long long' is a C++11 extension [-Wc++11-long-long]
     static long long ticks_per_second(){
     ^
     /home/hornik/tmp/R.check/r-devel-clang/Work/build/Packages/RcppParallel/include/tbb/tick_count.h:102:5: warning: 'long long' is a C++11 extension [-Wc++11-long-long]
     long long my_count;
     ^
     /home/hornik/tmp/R.check/r-devel-clang/Work/build/Packages/RcppParallel/include/tbb/tick_count.h:82:32: warning: 'long long' is a C++11 extension [-Wc++11-long-long]
     return static_cast<long long>(1E9);
     ^
     /home/hornik/tmp/R.check/r-devel-clang/Work/build/Packages/RcppParallel/include/tbb/tick_count.h:116:35: warning: 'long long' is a C++11 extension [-Wc++11-long-long]
     result.my_count = static_cast<long long>(1000000000UL)*static_cast<long long>(ts.tv_sec) + static_cast<long long>(ts.tv_nsec);
     ^
     /home/hornik/tmp/R.check/r-devel-clang/Work/build/Packages/RcppParallel/include/tbb/tick_count.h:116:72: warning: 'long long' is a C++11 extension [-Wc++11-long-long]
     result.my_count = static_cast<long long>(1000000000UL)*static_cast<long long>(ts.tv_sec) + static_cast<long long>(ts.tv_nsec);
     ^
     /home/hornik/tmp/R.check/r-devel-clang/Work/build/Packages/RcppParallel/include/tbb/tick_count.h:116:108: warning: 'long long' is a C++11 extension [-Wc++11-long-long]
     result.my_count = static_cast<long long>(1000000000UL)*static_cast<long long>(ts.tv_sec) + static_cast<long long>(ts.tv_nsec);
     ^
     /home/hornik/tmp/R.check/r-devel-clang/Work/build/Packages/RcppParallel/include/tbb/tick_count.h:127:25: warning: 'long long' is a C++11 extension [-Wc++11-long-long]
     value = static_cast<long long>(sec*interval_t::ticks_per_second());
     ^
     In file included from transform.cpp:30:
     In file included from /home/hornik/tmp/R.check/r-devel-clang/Work/build/Packages/RcppParallel/include/RcppParallel.h:15:
     In file included from /home/hornik/tmp/R.check/r-devel-clang/Work/build/Packages/RcppParallel/include/RcppParallel/TBB.h:6:
     In file included from /home/hornik/tmp/R.check/r-devel-clang/Work/build/Packages/RcppParallel/include/tbb/tbb.h:41:
     In file included from /home/hornik/tmp/R.check/r-devel-clang/Work/build/Packages/RcppParallel/include/tbb/combinable.h:24:
     /home/hornik/tmp/R.check/r-devel-clang/Work/build/Packages/RcppParallel/include/tbb/enumerable_thread_specific.h:118:86: warning: 'long long' is a C++11 extension [-Wc++11-long-long]
     return uintptr_t(k)*tbb::internal::select_size_t_constant<0x9E3779B9,0x9E3779B97F4A7C15ULL>::value;
     ^
     In file included from transform.cpp:30:
     In file included from /home/hornik/tmp/R.check/r-devel-clang/Work/build/Packages/RcppParallel/include/RcppParallel.h:15:
     In file included from /home/hornik/tmp/R.check/r-devel-clang/Work/build/Packages/RcppParallel/include/RcppParallel/TBB.h:6:
     In file included from /home/hornik/tmp/R.check/r-devel-clang/Work/build/Packages/RcppParallel/include/tbb/tbb.h:42:
     In file included from /home/hornik/tmp/R.check/r-devel-clang/Work/build/Packages/RcppParallel/include/tbb/concurrent_hash_map.h:46:
     /home/hornik/tmp/R.check/r-devel-clang/Work/build/Packages/RcppParallel/include/tbb/internal/_concurrent_unordered_impl.h:1523:90: warning: 'long long' is a C++11 extension [-Wc++11-long-long]
     static const size_t hash_multiplier = tbb::internal::select_size_t_constant<2654435769U, 11400714819323198485ULL>::value;
     ^
     In file included from transform.cpp:30:
     In file included from /home/hornik/tmp/R.check/r-devel-clang/Work/build/Packages/RcppParallel/include/RcppParallel.h:15:
     In file included from /home/hornik/tmp/R.check/r-devel-clang/Work/build/Packages/RcppParallel/include/RcppParallel/TBB.h:6:
     In file included from /home/hornik/tmp/R.check/r-devel-clang/Work/build/Packages/RcppParallel/include/tbb/tbb.h:53:
     In file included from /home/hornik/tmp/R.check/r-devel-clang/Work/build/Packages/RcppParallel/include/tbb/flow_graph.h:2714:
     In file included from /home/hornik/tmp/R.check/r-devel-clang/Work/build/Packages/RcppParallel/include/tbb/internal/_flow_graph_join_impl.h:600:
     /home/hornik/tmp/R.check/r-devel-clang/Work/build/Packages/RcppParallel/include/tbb/internal/_flow_graph_tagged_buffer_impl.h:77:78: warning: 'long long' is a C++11 extension [-Wc++11-long-long]
     return uintptr_t(t)*tbb::internal::select_size_t_constant<0x9E3779B9,0x9E3779B97F4A7C15ULL>::value;
     ^
     28 warnings generated.
    
    
     Executing test function test.transform ... done successfully.
    
     >
     > ## Print results
     > printTextProtocol(tests)
     RUNIT TEST PROTOCOL -- Sat Sep 23 06:29:42 2017
     ***********************************************
     Number of test functions: 5
     Number of errors: 1
     Number of failures: 0
    
    
     1 Test Suite :
     RcppParallel Unit Tests - 5 test functions, 1 error, 0 failures
     ERROR in /home/hornik/tmp/R.check/r-devel-clang/Work/build/Packages/RcppParallel/tests/runit.malloc.R: Error while sourcing /home/hornik/tmp/R.check/r-devel-clang/Work/build/Packages/RcppParallel/tests/runit.malloc.R : Error in dyn.load("/tmp/RtmpHeL9e2/sourceCpp-x86_64-pc-linux-gnu-0.12.12/sourcecpp_53cd36b793b/sourceCpp_6.so") :
     unable to load shared object '/tmp/RtmpHeL9e2/sourceCpp-x86_64-pc-linux-gnu-0.12.12/sourcecpp_53cd36b793b/sourceCpp_6.so':
     /tmp/RtmpHeL9e2/sourceCpp-x86_64-pc-linux-gnu-0.12.12/sourcecpp_53cd36b793b/sourceCpp_6.so: undefined symbol: scalable_malloc
    
    
    
     Details
     ***************************
     Test Suite: RcppParallel Unit Tests
     Test function regexp: ^test.+
     Test file regexp: ^runit.+\.[rR]$
     Involved directory:
     /home/hornik/tmp/R.check/r-devel-clang/Work/build/Packages/RcppParallel/tests
     ---------------------------
     Test file: /home/hornik/tmp/R.check/r-devel-clang/Work/build/Packages/RcppParallel/tests/runit.distance.R
     test.distance: (1 checks) ... OK (0.72 seconds)
     ---------------------------
     Test file: /home/hornik/tmp/R.check/r-devel-clang/Work/build/Packages/RcppParallel/tests/runit.innerproduct.R
     test.innerproduct: (1 checks) ... OK (0.07 seconds)
     ---------------------------
     Test file: /home/hornik/tmp/R.check/r-devel-clang/Work/build/Packages/RcppParallel/tests/runit.malloc.R
     /home/hornik/tmp/R.check/r-devel-clang/Work/build/Packages/RcppParallel/tests/runit.malloc.R: ERROR !!
     Error while sourcing /home/hornik/tmp/R.check/r-devel-clang/Work/build/Packages/RcppParallel/tests/runit.malloc.R : Error in dyn.load("/tmp/RtmpHeL9e2/sourceCpp-x86_64-pc-linux-gnu-0.12.12/sourcecpp_53cd36b793b/sourceCpp_6.so") :
     unable to load shared object '/tmp/RtmpHeL9e2/sourceCpp-x86_64-pc-linux-gnu-0.12.12/sourcecpp_53cd36b793b/sourceCpp_6.so':
     /tmp/RtmpHeL9e2/sourceCpp-x86_64-pc-linux-gnu-0.12.12/sourcecpp_53cd36b793b/sourceCpp_6.so: undefined symbol: scalable_malloc
     ---------------------------
     Test file: /home/hornik/tmp/R.check/r-devel-clang/Work/build/Packages/RcppParallel/tests/runit.sum.R
     test.sum: (1 checks) ... OK (0.21 seconds)
     ---------------------------
     Test file: /home/hornik/tmp/R.check/r-devel-clang/Work/build/Packages/RcppParallel/tests/runit.transform.R
     test.transform: (1 checks) ... OK (0.06 seconds)
     >
     > ## Return success or failure to R CMD CHECK
     > if (getErrors(tests)$nFail > 0) {
     + stop("TEST FAILED!")
     + }
     > if (getErrors(tests)$nErr > 0) {
     + stop("TEST HAD ERRORS!")
     + }
     Error: TEST HAD ERRORS!
     Execution halted
Flavor: r-devel-linux-x86_64-debian-clang

Version: 4.3.20
Check: installed package size
Result: NOTE
     installed size is 5.1Mb
     sub-directories of 1Mb or more:
     include 1.7Mb
     lib 3.1Mb
Flavors: r-devel-linux-x86_64-fedora-gcc, r-devel-windows-ix86+x86_64, r-release-windows-ix86+x86_64, r-oldrel-windows-ix86+x86_64